{"id":44426,"date":"2026-01-27T20:27:56","date_gmt":"2026-01-27T20:27:56","guid":{"rendered":"https:\/\/www.deporteseli.com\/?product=conjunto-essentials"},"modified":"2026-03-07T06:14:24","modified_gmt":"2026-03-07T06:14:24","slug":"conjunto-essentials","status":"publish","type":"product","link":"https:\/\/www.deporteseli.com\/?product=conjunto-essentials","title":{"rendered":"CONJUNTO ESSENTIALS"},"content":{"rendered":"<p>CONFORT Y ESTILO PARA SU D\u00cdA A D\u00cdA  Este conjunto adidas es suave, c\u00f3modo y est\u00e1 pensado para todo tipo de aventuras. Su dise\u00f1o vers\u00e1til con cintura el\u00e1stica y pu\u00f1os de canal\u00e9 garantiza que ambas prendas se mantengan en su sitio mientras da sus primeros pasos. El gran logotipo de las 3 bandas le aporta un toque deportivo.    Al elegir materiales reciclados, podemos dar nueva vida a materiales que ya se han utilizado, lo que contribuye a reducir los residuos. La utilizaci\u00f3n de materiales renovables nos ayuda a acabar con nuestra dependencia de los recursos finitos. Nuestros productos fabricados con materiales reciclados y renovables contienen al menos un 70% de estos materiales.  Corte cl\u00e1sico  Sudadera: cuello redondo  70% algod\u00f3n \/ 30% poli\u00e9ster (reciclado)  Pantal\u00f3n: cintura el\u00e1stica  Contiene al menos un 70% de material reciclado y renovable  Color del art\u00edculo: Clear Pink \/ White  N\u00famero de art\u00edculo: JC9645                                                                                                                                                                                                                                                                                                                                                                                                                                                                                                                                                                                                                                                                                                                                                                                                                                                                                                                                                                                                                                        <\/p>\n","protected":false},"excerpt":{"rendered":"<p>CONJUNTO ESSENTIALS<\/p>\n","protected":false},"featured_media":57599,"template":"","meta":[],"product_brand":[],"product_cat":[380],"product_tag":[18],"class_list":{"0":"post-44426","1":"product","2":"type-product","3":"status-publish","4":"has-post-thumbnail","6":"product_cat-ninas_textil_chandals","7":"product_tag-adidas","8":"pa_color-unico","9":"pa_talla-12-meses","10":"pa_talla-18-meses","11":"pa_talla-103","12":"pa_talla-167","13":"pa_talla-168","14":"thunk-woo-product-list","15":"opn-qv-enable","16":"open-woo-hover-","17":"open-single-product-tab-horizontal","18":"open-shadow-","19":"open-shadow-hover-","21":"first","22":"instock","23":"shipping-taxable","24":"purchasable","25":"product-type-variable"},"jetpack_sharing_enabled":true,"_links":{"self":[{"href":"https:\/\/www.deporteseli.com\/index.php?rest_route=\/wp\/v2\/product\/44426","targetHints":{"allow":["GET"]}}],"collection":[{"href":"https:\/\/www.deporteseli.com\/index.php?rest_route=\/wp\/v2\/product"}],"about":[{"href":"https:\/\/www.deporteseli.com\/index.php?rest_route=\/wp\/v2\/types\/product"}],"wp:featuredmedia":[{"embeddable":true,"href":"https:\/\/www.deporteseli.com\/index.php?rest_route=\/wp\/v2\/media\/57599"}],"wp:attachment":[{"href":"https:\/\/www.deporteseli.com\/index.php?rest_route=%2Fwp%2Fv2%2Fmedia&parent=44426"}],"wp:term":[{"taxonomy":"product_brand","embeddable":true,"href":"https:\/\/www.deporteseli.com\/index.php?rest_route=%2Fwp%2Fv2%2Fproduct_brand&post=44426"},{"taxonomy":"product_cat","embeddable":true,"href":"https:\/\/www.deporteseli.com\/index.php?rest_route=%2Fwp%2Fv2%2Fproduct_cat&post=44426"},{"taxonomy":"product_tag","embeddable":true,"href":"https:\/\/www.deporteseli.com\/index.php?rest_route=%2Fwp%2Fv2%2Fproduct_tag&post=44426"}],"curies":[{"name":"wp","href":"https:\/\/api.w.org\/{rel}","templated":true}]}}