{"id":44420,"date":"2026-01-27T20:27:48","date_gmt":"2026-01-27T20:27:48","guid":{"rendered":"https:\/\/www.deporteseli.com\/?product=tenis-adidas-js0636"},"modified":"2026-02-16T07:54:36","modified_gmt":"2026-02-16T07:54:36","slug":"tenis-adidas-js0636","status":"publish","type":"product","link":"https:\/\/www.deporteseli.com\/?product=tenis-adidas-js0636","title":{"rendered":"TENIS ADIDAS JS0636"},"content":{"rendered":"<p>adidas Rapid Court para ni\u00f1os JS0636    Zapatillas elegantes estilo tenis fabricadas en parte con materiales reciclados. Nunca es demasiado pronto para comenzar tu colecci\u00f3n de zapatillas, y estos zapatos adidas para ni\u00f1os son perfectos para los m\u00e1s peque\u00f1os que quieren lucir elegantes. Con una parte superior de cuero sint\u00e9tico y capas de gamuza, estos zapatos de ca\u00f1a baja muestran un estilo de tenis cl\u00e1sico. El cierre de velcro hace que sean f\u00e1ciles de poner y quitar, para que tu peque\u00f1o pueda pasar menos tiempo prepar\u00e1ndose y m\u00e1s tiempo mostrando sus zapatos.                                                                                                                                                                                                                                                                                                                                                                                                                                                                                                                                                                                                                                                                                                                                                                                                                                                                                                                                                                                                                                        <\/p>\n","protected":false},"excerpt":{"rendered":"<p>TENIS ADIDAS JS0636<\/p>\n","protected":false},"featured_media":57593,"template":"","meta":[],"product_brand":[],"product_cat":[310],"product_tag":[18],"class_list":{"0":"post-44420","1":"product","2":"type-product","3":"status-publish","4":"has-post-thumbnail","6":"product_cat-nino_calzado_casual","7":"product_tag-adidas","8":"pa_color-unico","9":"pa_talla-125","10":"pa_talla-127","11":"pa_talla-129","12":"pa_talla-133","13":"pa_talla-137","14":"thunk-woo-product-list","15":"opn-qv-enable","16":"open-woo-hover-","17":"open-single-product-tab-horizontal","18":"open-shadow-","19":"open-shadow-hover-","21":"first","22":"instock","23":"sale","24":"shipping-taxable","25":"purchasable","26":"product-type-variable"},"jetpack_sharing_enabled":true,"_links":{"self":[{"href":"https:\/\/www.deporteseli.com\/index.php?rest_route=\/wp\/v2\/product\/44420","targetHints":{"allow":["GET"]}}],"collection":[{"href":"https:\/\/www.deporteseli.com\/index.php?rest_route=\/wp\/v2\/product"}],"about":[{"href":"https:\/\/www.deporteseli.com\/index.php?rest_route=\/wp\/v2\/types\/product"}],"wp:featuredmedia":[{"embeddable":true,"href":"https:\/\/www.deporteseli.com\/index.php?rest_route=\/wp\/v2\/media\/57593"}],"wp:attachment":[{"href":"https:\/\/www.deporteseli.com\/index.php?rest_route=%2Fwp%2Fv2%2Fmedia&parent=44420"}],"wp:term":[{"taxonomy":"product_brand","embeddable":true,"href":"https:\/\/www.deporteseli.com\/index.php?rest_route=%2Fwp%2Fv2%2Fproduct_brand&post=44420"},{"taxonomy":"product_cat","embeddable":true,"href":"https:\/\/www.deporteseli.com\/index.php?rest_route=%2Fwp%2Fv2%2Fproduct_cat&post=44420"},{"taxonomy":"product_tag","embeddable":true,"href":"https:\/\/www.deporteseli.com\/index.php?rest_route=%2Fwp%2Fv2%2Fproduct_tag&post=44420"}],"curies":[{"name":"wp","href":"https:\/\/api.w.org\/{rel}","templated":true}]}}