{"id":44381,"date":"2026-01-27T20:26:54","date_gmt":"2026-01-27T20:26:54","guid":{"rendered":"https:\/\/www.deporteseli.com\/?product=short-adidas-jh3412"},"modified":"2026-03-07T06:14:14","modified_gmt":"2026-03-07T06:14:14","slug":"short-adidas-jh3412","status":"publish","type":"product","link":"https:\/\/www.deporteseli.com\/?product=short-adidas-jh3412","title":{"rendered":"SHORT ADIDAS JH3412"},"content":{"rendered":"<p>Pantal\u00f3n corto de hombre adidas Squadra 25 blanco y negro JH3412         Los pantalones cortos adidas Squadra para hombre son una gran opci\u00f3n para todos los jugadores que quieran llevar a su equipo a la victoria sin interrupciones. Cintura el\u00e1stica con cord\u00f3n ajustable. La tecnolog\u00eda Aeroready te mantendr\u00e1 seco hasta el final del partido. Fibras recicladas de secado r\u00e1pido.         Material: 100% poli\u00e9ster reciclado, tejido denso.                                                                                                                                                                                                                                                                                                                                                                                                                                                                                                                                                                                                                                                                                                                                                                                                                                                                                                                                                                                                                                        <\/p>\n","protected":false},"excerpt":{"rendered":"<p>SHORT ADIDAS JH3412<\/p>\n","protected":false},"featured_media":57558,"template":"","meta":[],"product_brand":[],"product_cat":[251],"product_tag":[18],"class_list":{"0":"post-44381","1":"product","2":"type-product","3":"status-publish","4":"has-post-thumbnail","6":"product_cat-hombre_textil_shorts","7":"product_tag-adidas","8":"pa_color-unico","9":"pa_talla-m","10":"pa_talla-xl","11":"thunk-woo-product-list","12":"opn-qv-enable","13":"open-woo-hover-","14":"open-single-product-tab-horizontal","15":"open-shadow-","16":"open-shadow-hover-","18":"first","19":"instock","20":"shipping-taxable","21":"purchasable","22":"product-type-variable"},"jetpack_sharing_enabled":true,"_links":{"self":[{"href":"https:\/\/www.deporteseli.com\/index.php?rest_route=\/wp\/v2\/product\/44381","targetHints":{"allow":["GET"]}}],"collection":[{"href":"https:\/\/www.deporteseli.com\/index.php?rest_route=\/wp\/v2\/product"}],"about":[{"href":"https:\/\/www.deporteseli.com\/index.php?rest_route=\/wp\/v2\/types\/product"}],"wp:featuredmedia":[{"embeddable":true,"href":"https:\/\/www.deporteseli.com\/index.php?rest_route=\/wp\/v2\/media\/57558"}],"wp:attachment":[{"href":"https:\/\/www.deporteseli.com\/index.php?rest_route=%2Fwp%2Fv2%2Fmedia&parent=44381"}],"wp:term":[{"taxonomy":"product_brand","embeddable":true,"href":"https:\/\/www.deporteseli.com\/index.php?rest_route=%2Fwp%2Fv2%2Fproduct_brand&post=44381"},{"taxonomy":"product_cat","embeddable":true,"href":"https:\/\/www.deporteseli.com\/index.php?rest_route=%2Fwp%2Fv2%2Fproduct_cat&post=44381"},{"taxonomy":"product_tag","embeddable":true,"href":"https:\/\/www.deporteseli.com\/index.php?rest_route=%2Fwp%2Fv2%2Fproduct_tag&post=44381"}],"curies":[{"name":"wp","href":"https:\/\/api.w.org\/{rel}","templated":true}]}}