{"id":44356,"date":"2026-01-27T20:26:22","date_gmt":"2026-01-27T20:26:22","guid":{"rendered":"https:\/\/www.deporteseli.com\/?product=reebok-sandalia-beach-clean-slide"},"modified":"2026-02-16T07:54:30","modified_gmt":"2026-02-16T07:54:30","slug":"reebok-sandalia-beach-clean-slide","status":"publish","type":"product","link":"https:\/\/www.deporteseli.com\/?product=reebok-sandalia-beach-clean-slide","title":{"rendered":"REEBOK SANDALIA BEACH CLEAN SLIDE"},"content":{"rendered":"<p>Estas sandalias presentan un aspecto atl\u00e9tico y son c\u00f3modas de llevar.    La entresuela con amortiguaci\u00f3n suave proporciona una sensaci\u00f3n c\u00f3moda en el pie.  Dise\u00f1ado con materiales sint\u00e9ticos y moldeado en una sola pieza para crear una parte superior suave y una forma sencilla.  Color: Negro  Composici\u00f3n: Sint\u00e9tico                                                                                                                                                                                                                                                                                                                                                                                                                                                                                                                                                                                                                                                                                                                                                                                                                                                                                                                                                                                                                                        <\/p>\n","protected":false},"excerpt":{"rendered":"<p>REEBOK SANDALIA BEACH CLEAN SLIDE<\/p>\n","protected":false},"featured_media":57539,"template":"","meta":[],"product_brand":[],"product_cat":[265],"product_tag":[41],"class_list":{"0":"post-44356","1":"product","2":"type-product","3":"status-publish","4":"has-post-thumbnail","6":"product_cat-hombre_calzado_cholas","7":"product_tag-reebok","8":"pa_color-unico","9":"pa_talla-153","10":"pa_talla-155","11":"pa_talla-44-5","12":"pa_talla-45-5","13":"pa_talla-163","14":"thunk-woo-product-list","15":"opn-qv-enable","16":"open-woo-hover-","17":"open-single-product-tab-horizontal","18":"open-shadow-","19":"open-shadow-hover-","21":"first","22":"instock","23":"shipping-taxable","24":"purchasable","25":"product-type-variable"},"jetpack_sharing_enabled":true,"_links":{"self":[{"href":"https:\/\/www.deporteseli.com\/index.php?rest_route=\/wp\/v2\/product\/44356","targetHints":{"allow":["GET"]}}],"collection":[{"href":"https:\/\/www.deporteseli.com\/index.php?rest_route=\/wp\/v2\/product"}],"about":[{"href":"https:\/\/www.deporteseli.com\/index.php?rest_route=\/wp\/v2\/types\/product"}],"wp:featuredmedia":[{"embeddable":true,"href":"https:\/\/www.deporteseli.com\/index.php?rest_route=\/wp\/v2\/media\/57539"}],"wp:attachment":[{"href":"https:\/\/www.deporteseli.com\/index.php?rest_route=%2Fwp%2Fv2%2Fmedia&parent=44356"}],"wp:term":[{"taxonomy":"product_brand","embeddable":true,"href":"https:\/\/www.deporteseli.com\/index.php?rest_route=%2Fwp%2Fv2%2Fproduct_brand&post=44356"},{"taxonomy":"product_cat","embeddable":true,"href":"https:\/\/www.deporteseli.com\/index.php?rest_route=%2Fwp%2Fv2%2Fproduct_cat&post=44356"},{"taxonomy":"product_tag","embeddable":true,"href":"https:\/\/www.deporteseli.com\/index.php?rest_route=%2Fwp%2Fv2%2Fproduct_tag&post=44356"}],"curies":[{"name":"wp","href":"https:\/\/api.w.org\/{rel}","templated":true}]}}