{"id":44240,"date":"2026-01-27T20:23:47","date_gmt":"2026-01-27T20:23:47","guid":{"rendered":"https:\/\/www.deporteseli.com\/?product=camisa-j-smith-tolima"},"modified":"2026-03-07T06:13:21","modified_gmt":"2026-03-07T06:13:21","slug":"camisa-j-smith-tolima","status":"publish","type":"product","link":"https:\/\/www.deporteseli.com\/?product=camisa-j-smith-tolima","title":{"rendered":"CAMISA J. SMITH TOLIMA"},"content":{"rendered":"<p>DESCRIPCI\u00d3N  Camiseta de entrenamiento en tejido de poli\u00e9ster el\u00e1stico con inserciones de rejilla en los costados y hombros para mayor ventilaci\u00f3n.    Manga corta y cuello a la caja a contraste, decorada con gr\u00e1ficos de la l\u00ednea.    Composici\u00f3n: 93% poli\u00e9ster-7% elast\u00e1n, elastic mesh.    Se le aplica la tecnolog\u00eda Drynamic, utiliza los microfilamentos para reducir la humedad y ayudar a la transpiraci\u00f3n.                                                                                                                                                                                                                                                                                                                                                                                                                                                                                                                                                                                                                                                                                                                                                                                                                                                                                                                                                                                                                                        <\/p>\n","protected":false},"excerpt":{"rendered":"<p>CAMISA J. SMITH TOLIMA<\/p>\n","protected":false},"featured_media":57447,"template":"","meta":[],"product_brand":[],"product_cat":[245],"product_tag":[43],"class_list":{"0":"post-44240","1":"product","2":"type-product","3":"status-publish","4":"has-post-thumbnail","6":"product_cat-hombre_textil_camisetas","7":"product_tag-jhon_smith","8":"pa_color-unico","9":"pa_talla-l","10":"pa_talla-m","11":"pa_talla-s","12":"thunk-woo-product-list","13":"opn-qv-enable","14":"open-woo-hover-","15":"open-single-product-tab-horizontal","16":"open-shadow-","17":"open-shadow-hover-","19":"first","20":"instock","21":"shipping-taxable","22":"purchasable","23":"product-type-variable"},"jetpack_sharing_enabled":true,"_links":{"self":[{"href":"https:\/\/www.deporteseli.com\/index.php?rest_route=\/wp\/v2\/product\/44240","targetHints":{"allow":["GET"]}}],"collection":[{"href":"https:\/\/www.deporteseli.com\/index.php?rest_route=\/wp\/v2\/product"}],"about":[{"href":"https:\/\/www.deporteseli.com\/index.php?rest_route=\/wp\/v2\/types\/product"}],"wp:featuredmedia":[{"embeddable":true,"href":"https:\/\/www.deporteseli.com\/index.php?rest_route=\/wp\/v2\/media\/57447"}],"wp:attachment":[{"href":"https:\/\/www.deporteseli.com\/index.php?rest_route=%2Fwp%2Fv2%2Fmedia&parent=44240"}],"wp:term":[{"taxonomy":"product_brand","embeddable":true,"href":"https:\/\/www.deporteseli.com\/index.php?rest_route=%2Fwp%2Fv2%2Fproduct_brand&post=44240"},{"taxonomy":"product_cat","embeddable":true,"href":"https:\/\/www.deporteseli.com\/index.php?rest_route=%2Fwp%2Fv2%2Fproduct_cat&post=44240"},{"taxonomy":"product_tag","embeddable":true,"href":"https:\/\/www.deporteseli.com\/index.php?rest_route=%2Fwp%2Fv2%2Fproduct_tag&post=44240"}],"curies":[{"name":"wp","href":"https:\/\/api.w.org\/{rel}","templated":true}]}}