{"id":44206,"date":"2026-01-27T20:23:02","date_gmt":"2026-01-27T20:23:02","guid":{"rendered":"https:\/\/www.deporteseli.com\/?product=short-j-smith-somozas"},"modified":"2026-03-07T06:12:53","modified_gmt":"2026-03-07T06:12:53","slug":"short-j-smith-somozas","status":"publish","type":"product","link":"https:\/\/www.deporteseli.com\/?product=short-j-smith-somozas","title":{"rendered":"SHORT J.SMITH SOMOZAS"},"content":{"rendered":"<p>Short con malla interior en tejido de poli\u00e9ster con elast\u00e1n.    Cinturilla el\u00e1stica con cord\u00f3n interior para ajustar.    Detalles reflectantes.    Composici\u00f3n: 95% poli\u00e9ster-5% elast\u00e1n, melange single jersey.    Acabado Drynamic, qua ayuda a favorecer los movimientos.                                                                                                                                                                                                                                                                                                                                                                                                                                                                                                                                                                                                                                                                                                                                                                                                                                                                                                                                                                                                                                        <\/p>\n","protected":false},"excerpt":{"rendered":"<p>SHORT J.SMITH SOMOZAS<\/p>\n","protected":false},"featured_media":57412,"template":"","meta":[],"product_brand":[],"product_cat":[277],"product_tag":[43],"class_list":{"0":"post-44206","1":"product","2":"type-product","3":"status-publish","4":"has-post-thumbnail","6":"product_cat-mujer_textil_shorts","7":"product_tag-jhon_smith","8":"pa_color-unico","9":"pa_talla-s","10":"pa_talla-xs","11":"thunk-woo-product-list","12":"opn-qv-enable","13":"open-woo-hover-","14":"open-single-product-tab-horizontal","15":"open-shadow-","16":"open-shadow-hover-","18":"first","19":"instock","20":"shipping-taxable","21":"purchasable","22":"product-type-variable"},"jetpack_sharing_enabled":true,"_links":{"self":[{"href":"https:\/\/www.deporteseli.com\/index.php?rest_route=\/wp\/v2\/product\/44206","targetHints":{"allow":["GET"]}}],"collection":[{"href":"https:\/\/www.deporteseli.com\/index.php?rest_route=\/wp\/v2\/product"}],"about":[{"href":"https:\/\/www.deporteseli.com\/index.php?rest_route=\/wp\/v2\/types\/product"}],"wp:featuredmedia":[{"embeddable":true,"href":"https:\/\/www.deporteseli.com\/index.php?rest_route=\/wp\/v2\/media\/57412"}],"wp:attachment":[{"href":"https:\/\/www.deporteseli.com\/index.php?rest_route=%2Fwp%2Fv2%2Fmedia&parent=44206"}],"wp:term":[{"taxonomy":"product_brand","embeddable":true,"href":"https:\/\/www.deporteseli.com\/index.php?rest_route=%2Fwp%2Fv2%2Fproduct_brand&post=44206"},{"taxonomy":"product_cat","embeddable":true,"href":"https:\/\/www.deporteseli.com\/index.php?rest_route=%2Fwp%2Fv2%2Fproduct_cat&post=44206"},{"taxonomy":"product_tag","embeddable":true,"href":"https:\/\/www.deporteseli.com\/index.php?rest_route=%2Fwp%2Fv2%2Fproduct_tag&post=44206"}],"curies":[{"name":"wp","href":"https:\/\/api.w.org\/{rel}","templated":true}]}}