{"id":43901,"date":"2026-01-27T20:15:39","date_gmt":"2026-01-27T20:15:39","guid":{"rendered":"https:\/\/www.deporteseli.com\/?product=polo-de-entrenamiento-train-essentials"},"modified":"2026-03-07T06:08:51","modified_gmt":"2026-03-07T06:08:51","slug":"polo-de-entrenamiento-train-essentials","status":"publish","type":"product","link":"https:\/\/www.deporteseli.com\/?product=polo-de-entrenamiento-train-essentials","title":{"rendered":"POLO DE ENTRENAMIENTO TRAIN ESSENTIALS"},"content":{"rendered":"<p>UNA CAMISETA TRANSPIRABLE QUE ABSORBE LA HUMEDAD Y EST\u00c1 HECHA CON MATERIALES RECICLADOS.  Dale libertad de movimiento a tu entrenamiento HIIT con este polo de entrenamiento de adidas. La tecnolog\u00eda AEROREADY que absorbe la humedad te mantiene fresco y seco mientras corres, montas en bicicleta o saltas a la comba. Un logotipo ic\u00f3nico le aporta un acabado deportivo. Fabricado con materiales 100 % reciclados, este producto representa solo una de nuestras soluciones para ayudar a acabar con los residuos pl\u00e1sticos.  Ajuste regular  Cuello polo con cierre de bot\u00f3n.  100% poli\u00e9ster (reciclado)  AEROLISTO  Nuevo patr\u00f3n de elevaci\u00f3n  Color: Gris Cinco \/ Negro  C\u00f3digo de producto: IB1066                                                                                                                                                                                                                                                                                                                                                                                                                                                                                                                                                                                                                                                                                                                                                                                                                                                                                                                                                                                                                                        <\/p>\n","protected":false},"excerpt":{"rendered":"<p>POLO DE ENTRENAMIENTO TRAIN ESSENTIALS<\/p>\n","protected":false},"featured_media":57231,"template":"","meta":[],"product_brand":[],"product_cat":[245],"product_tag":[18],"class_list":{"0":"post-43901","1":"product","2":"type-product","3":"status-publish","4":"has-post-thumbnail","6":"product_cat-hombre_textil_camisetas","7":"product_tag-adidas","8":"pa_color-unico","9":"pa_talla-l","10":"pa_talla-m","11":"pa_talla-xl","12":"pa_talla-xxl","13":"thunk-woo-product-list","14":"opn-qv-enable","15":"open-woo-hover-","16":"open-single-product-tab-horizontal","17":"open-shadow-","18":"open-shadow-hover-","20":"first","21":"instock","22":"shipping-taxable","23":"purchasable","24":"product-type-variable"},"jetpack_sharing_enabled":true,"_links":{"self":[{"href":"https:\/\/www.deporteseli.com\/index.php?rest_route=\/wp\/v2\/product\/43901","targetHints":{"allow":["GET"]}}],"collection":[{"href":"https:\/\/www.deporteseli.com\/index.php?rest_route=\/wp\/v2\/product"}],"about":[{"href":"https:\/\/www.deporteseli.com\/index.php?rest_route=\/wp\/v2\/types\/product"}],"wp:featuredmedia":[{"embeddable":true,"href":"https:\/\/www.deporteseli.com\/index.php?rest_route=\/wp\/v2\/media\/57231"}],"wp:attachment":[{"href":"https:\/\/www.deporteseli.com\/index.php?rest_route=%2Fwp%2Fv2%2Fmedia&parent=43901"}],"wp:term":[{"taxonomy":"product_brand","embeddable":true,"href":"https:\/\/www.deporteseli.com\/index.php?rest_route=%2Fwp%2Fv2%2Fproduct_brand&post=43901"},{"taxonomy":"product_cat","embeddable":true,"href":"https:\/\/www.deporteseli.com\/index.php?rest_route=%2Fwp%2Fv2%2Fproduct_cat&post=43901"},{"taxonomy":"product_tag","embeddable":true,"href":"https:\/\/www.deporteseli.com\/index.php?rest_route=%2Fwp%2Fv2%2Fproduct_tag&post=43901"}],"curies":[{"name":"wp","href":"https:\/\/api.w.org\/{rel}","templated":true}]}}