{"id":43578,"date":"2026-01-27T20:08:44","date_gmt":"2026-01-27T20:08:44","guid":{"rendered":"https:\/\/www.deporteseli.com\/?product=tenis-wilson-wrs335290"},"modified":"2026-04-08T10:04:25","modified_gmt":"2026-04-08T10:04:25","slug":"tenis-wilson-wrs335290","status":"publish","type":"product","link":"https:\/\/www.deporteseli.com\/?product=tenis-wilson-wrs335290","title":{"rendered":"TENIS WILSON WRS335290"},"content":{"rendered":"<p>Las Wilson Rush Pro Junior est\u00e1n dise\u00f1adas para j\u00f3venes tenistas que buscan rendimiento, comodidad y durabilidad en la pista.  Con un dise\u00f1o ligero y tecnolog\u00edas avanzadas, estas zapatillas ofrecen el soporte necesario para movimientos r\u00e1pidos y seguros en cualquier tipo de superficie.    Caracter\u00edsticas principales    Ajuste: Comodidad jugable    Construcci\u00f3n ligera y transpirable que garantiza frescura durante los partidos m\u00e1s intensos.    Sujeci\u00f3n lateral para una mayor estabilidad en movimientos r\u00e1pidos.    El tal\u00f3n bloqueado y el collar acolchado proporcionan un ajuste c\u00f3modo y seguro, ideal para largas sesiones en la pista.    Sensaci\u00f3n: Amortiguaci\u00f3n din\u00e1mica    Entresuela de espuma EVA reactiva, que combina amortiguaci\u00f3n y excelente retorno de energ\u00eda para una comodidad superior.    Inserciones adicionales de EVA que aumentan el rebote y la capacidad de respuesta, ofreciendo una mayor comodidad en cada pisada.    Funci\u00f3n: Versatilidad para todo tipo de superficies    Suela de caucho de alta densidad, dise\u00f1ada para ofrecer m\u00e1xima tracci\u00f3n y resistencia a la abrasi\u00f3n tanto en pistas duras como de tierra batida.    Drag pad que proporciona una durabilidad extra, especialmente en movimientos laterales exigentes.    Refuerzo de TPU en la zona medial, que protege y prolonga la vida del calzado, especialmente al arrastrar los pies.    \u00bfPor qu\u00e9 elegirlas?    Las Wilson Rush Pro Junior son ideales para jugadores j\u00f3venes que necesitan:    Comodidad y sujeci\u00f3n durante todo el juego, gracias a su dise\u00f1o ergon\u00f3mico y acolchado.  Durabilidad, incluso en las condiciones m\u00e1s exigentes, gracias a su suela resistente y refuerzos.  Rendimiento vers\u00e1til, con una suela que se adapta perfectamente a pistas duras y de tierra batida.    Con un dise\u00f1o moderno, tecnolog\u00edas avanzadas y materiales de alta calidad, las Wilson Rush Pro Junior garantizan estabilidad, tracci\u00f3n y comodidad en cada movimiento.  Son la elecci\u00f3n perfecta para los j\u00f3venes tenistas que buscan dar lo mejor de s\u00ed en la pista, con la confianza de contar con un calzado que se adapta a sus necesidades y ritmo de juego.                                                                                                                                                                                                                                                                                                                                                                                                                                                                                                                                                                                                                                                                                                                                                                                                                                                                                                                                                                                                                                        <\/p>\n","protected":false},"excerpt":{"rendered":"<p>TENIS WILSON WRS335290<\/p>\n","protected":false},"featured_media":57097,"template":"","meta":[],"product_brand":[],"product_cat":[371],"product_tag":[57],"class_list":{"0":"post-43578","1":"product","2":"type-product","3":"status-publish","4":"has-post-thumbnail","6":"product_cat-padel_y_tenis_calzado","7":"product_tag-wilson","8":"pa_color-unico","9":"pa_talla-33-5","10":"pa_talla-137","11":"pa_talla-145","12":"pa_talla-38-5","13":"thunk-woo-product-list","14":"opn-qv-enable","15":"open-woo-hover-","16":"open-single-product-tab-horizontal","17":"open-shadow-","18":"open-shadow-hover-","20":"first","21":"instock","22":"sale","23":"shipping-taxable","24":"purchasable","25":"product-type-variable"},"jetpack_sharing_enabled":true,"_links":{"self":[{"href":"https:\/\/www.deporteseli.com\/index.php?rest_route=\/wp\/v2\/product\/43578","targetHints":{"allow":["GET"]}}],"collection":[{"href":"https:\/\/www.deporteseli.com\/index.php?rest_route=\/wp\/v2\/product"}],"about":[{"href":"https:\/\/www.deporteseli.com\/index.php?rest_route=\/wp\/v2\/types\/product"}],"wp:featuredmedia":[{"embeddable":true,"href":"https:\/\/www.deporteseli.com\/index.php?rest_route=\/wp\/v2\/media\/57097"}],"wp:attachment":[{"href":"https:\/\/www.deporteseli.com\/index.php?rest_route=%2Fwp%2Fv2%2Fmedia&parent=43578"}],"wp:term":[{"taxonomy":"product_brand","embeddable":true,"href":"https:\/\/www.deporteseli.com\/index.php?rest_route=%2Fwp%2Fv2%2Fproduct_brand&post=43578"},{"taxonomy":"product_cat","embeddable":true,"href":"https:\/\/www.deporteseli.com\/index.php?rest_route=%2Fwp%2Fv2%2Fproduct_cat&post=43578"},{"taxonomy":"product_tag","embeddable":true,"href":"https:\/\/www.deporteseli.com\/index.php?rest_route=%2Fwp%2Fv2%2Fproduct_tag&post=43578"}],"curies":[{"name":"wp","href":"https:\/\/api.w.org\/{rel}","templated":true}]}}