{"id":43422,"date":"2026-01-27T20:05:28","date_gmt":"2026-01-27T20:05:28","guid":{"rendered":"https:\/\/www.deporteseli.com\/?product=protector-starvie-pvc-negro"},"modified":"2026-01-27T20:05:30","modified_gmt":"2026-01-27T20:05:30","slug":"protector-starvie-pvc-negro","status":"publish","type":"product","link":"https:\/\/www.deporteseli.com\/?product=protector-starvie-pvc-negro","title":{"rendered":"PROTECTOR STARVIE PVC NEGRO"},"content":{"rendered":"<p>Protector PVC Star Vie Negro para aumentar la durabilidad de tu pala de p\u00e1del y resistir mejor a los golpes, ara\u00f1azos y rozaduras en tus partidos m\u00e1s intensos.                                                                                                                                                                                                                                                                                                                                                                                                                                                                                                                                                                                                                                                                                                                                                                                                                                                                                                                                                                                                                                        <\/p>\n","protected":false},"excerpt":{"rendered":"<p>PROTECTOR STARVIE PVC NEGRO<\/p>\n","protected":false},"featured_media":56899,"template":"","meta":[],"product_brand":[],"product_cat":[359],"product_tag":[83],"class_list":{"0":"post-43422","1":"product","2":"type-product","3":"status-publish","4":"has-post-thumbnail","6":"product_cat-padel_y_tenis_protectores","7":"product_tag-starvie","8":"pa_color-blanco","9":"pa_talla-unica","10":"thunk-woo-product-list","11":"opn-qv-enable","12":"open-woo-hover-","13":"open-single-product-tab-horizontal","14":"open-shadow-","15":"open-shadow-hover-","17":"first","18":"instock","19":"shipping-taxable","20":"purchasable","21":"product-type-variable"},"jetpack_sharing_enabled":true,"_links":{"self":[{"href":"https:\/\/www.deporteseli.com\/index.php?rest_route=\/wp\/v2\/product\/43422","targetHints":{"allow":["GET"]}}],"collection":[{"href":"https:\/\/www.deporteseli.com\/index.php?rest_route=\/wp\/v2\/product"}],"about":[{"href":"https:\/\/www.deporteseli.com\/index.php?rest_route=\/wp\/v2\/types\/product"}],"wp:featuredmedia":[{"embeddable":true,"href":"https:\/\/www.deporteseli.com\/index.php?rest_route=\/wp\/v2\/media\/56899"}],"wp:attachment":[{"href":"https:\/\/www.deporteseli.com\/index.php?rest_route=%2Fwp%2Fv2%2Fmedia&parent=43422"}],"wp:term":[{"taxonomy":"product_brand","embeddable":true,"href":"https:\/\/www.deporteseli.com\/index.php?rest_route=%2Fwp%2Fv2%2Fproduct_brand&post=43422"},{"taxonomy":"product_cat","embeddable":true,"href":"https:\/\/www.deporteseli.com\/index.php?rest_route=%2Fwp%2Fv2%2Fproduct_cat&post=43422"},{"taxonomy":"product_tag","embeddable":true,"href":"https:\/\/www.deporteseli.com\/index.php?rest_route=%2Fwp%2Fv2%2Fproduct_tag&post=43422"}],"curies":[{"name":"wp","href":"https:\/\/api.w.org\/{rel}","templated":true}]}}