{"id":43418,"date":"2026-01-27T20:05:23","date_gmt":"2026-01-27T20:05:23","guid":{"rendered":"https:\/\/www.deporteseli.com\/?product=camisa-ellesse-vetas-white"},"modified":"2026-03-07T06:07:02","modified_gmt":"2026-03-07T06:07:02","slug":"camisa-ellesse-vetas-white","status":"publish","type":"product","link":"https:\/\/www.deporteseli.com\/?product=camisa-ellesse-vetas-white","title":{"rendered":"CAMISA ELLESSE VETAS WHITE"},"content":{"rendered":"<p>Camiseta Ellesse negra con logo acolchado para hombre, modelo SHX20964 Vetas Tee Black. Fusionar el legado deportivo con la vanguardia urbana es una de las principales virtudes que ofrece la ropa Ellesse. Las camisetas Ellesse est\u00e1n confeccionadas con materiales de alta calidad y ofrecen un ajuste c\u00f3modo que se adapta a cualquier ocasi\u00f3n. Desde las calles hasta los eventos m\u00e1s exclusivos las camisetas Ellesse son un s\u00edmbolo de autenticidad y actitud, su sello lleva consigo el legado de una marca que sin duda ha dejado huella en el streetwear italiano.                                                                                                                                                                                                                                                                                                                                                                                                                                                                                                                                                                                                                                                                                                                                                                                                                                                                                                                                                                                                                                        <\/p>\n","protected":false},"excerpt":{"rendered":"<p>CAMISA ELLESSE VETAS WHITE<\/p>\n","protected":false},"featured_media":56897,"template":"","meta":[],"product_brand":[],"product_cat":[245],"product_tag":[52],"class_list":{"0":"post-43418","1":"product","2":"type-product","3":"status-publish","4":"has-post-thumbnail","6":"product_cat-hombre_textil_camisetas","7":"product_tag-ellesse","8":"pa_color-blanco","9":"pa_talla-xl","10":"thunk-woo-product-list","11":"opn-qv-enable","12":"open-woo-hover-","13":"open-single-product-tab-horizontal","14":"open-shadow-","15":"open-shadow-hover-","17":"first","18":"instock","19":"shipping-taxable","20":"purchasable","21":"product-type-variable"},"jetpack_sharing_enabled":true,"_links":{"self":[{"href":"https:\/\/www.deporteseli.com\/index.php?rest_route=\/wp\/v2\/product\/43418","targetHints":{"allow":["GET"]}}],"collection":[{"href":"https:\/\/www.deporteseli.com\/index.php?rest_route=\/wp\/v2\/product"}],"about":[{"href":"https:\/\/www.deporteseli.com\/index.php?rest_route=\/wp\/v2\/types\/product"}],"wp:featuredmedia":[{"embeddable":true,"href":"https:\/\/www.deporteseli.com\/index.php?rest_route=\/wp\/v2\/media\/56897"}],"wp:attachment":[{"href":"https:\/\/www.deporteseli.com\/index.php?rest_route=%2Fwp%2Fv2%2Fmedia&parent=43418"}],"wp:term":[{"taxonomy":"product_brand","embeddable":true,"href":"https:\/\/www.deporteseli.com\/index.php?rest_route=%2Fwp%2Fv2%2Fproduct_brand&post=43418"},{"taxonomy":"product_cat","embeddable":true,"href":"https:\/\/www.deporteseli.com\/index.php?rest_route=%2Fwp%2Fv2%2Fproduct_cat&post=43418"},{"taxonomy":"product_tag","embeddable":true,"href":"https:\/\/www.deporteseli.com\/index.php?rest_route=%2Fwp%2Fv2%2Fproduct_tag&post=43418"}],"curies":[{"name":"wp","href":"https:\/\/api.w.org\/{rel}","templated":true}]}}