{"id":43391,"date":"2026-01-27T20:04:49","date_gmt":"2026-01-27T20:04:49","guid":{"rendered":"https:\/\/www.deporteseli.com\/?product=mallas-cortas-techfit"},"modified":"2026-03-07T06:06:56","modified_gmt":"2026-03-07T06:06:56","slug":"mallas-cortas-techfit","status":"publish","type":"product","link":"https:\/\/www.deporteseli.com\/?product=mallas-cortas-techfit","title":{"rendered":"MALLAS CORTAS TECHFIT"},"content":{"rendered":"<p>MALLAS CORTAS DE COMPRESI\u00d3N CONFECCIONADAS EN PARTE CON MATERIALES RECICLADOS.  Conc\u00e9ntrate en tus r\u00e9cords personales con estos leggings cortos Techfit de adidas. Un ajuste de compresi\u00f3n energiza tus m\u00fasculos para obtener potencia y resistencia. La tecnolog\u00eda AEROREADY te mantiene c\u00f3modamente seco desde el calentamiento hasta el enfriamiento. Con una sensaci\u00f3n elegante y de segunda piel, estos leggings brindan comodidad y soporte sin distracciones para una experiencia de entrenamiento \u00f3ptima. Este producto est\u00e1 fabricado con al menos un 70 % de materiales reciclados. Al reutilizar materiales que ya se han creado, ayudamos a reducir los desechos y nuestra dependencia de recursos finitos y reducimos la huella de los productos que fabricamos.  Ajuste ce\u00f1ido con tiro alto  Cintura el\u00e1stica  73% poli\u00e9ster (reciclado), 27% elastano  Sensaci\u00f3n elegante y compresiva.  AEROLISTO  TECHFIT concentra la energ\u00eda de tus m\u00fasculos  Compresi\u00f3n baja a media  Tejido transpirable, ligero y resistente a sentadillas.  Tejido que absorbe la humedad  Importado  Color del producto: Negro b\u00e1sico  C\u00f3digo de producto: IT2275                                                                                                                                                                                                                                                                                                                                                                                                                                                                                                                                                                                                                                                                                                                                                                                                                                                                                                                                                                                                                                        <\/p>\n","protected":false},"excerpt":{"rendered":"<p>MALLAS CORTAS TECHFIT<\/p>\n","protected":false},"featured_media":56877,"template":"","meta":[],"product_brand":[],"product_cat":[277],"product_tag":[18],"class_list":{"0":"post-43391","1":"product","2":"type-product","3":"status-publish","4":"has-post-thumbnail","6":"product_cat-mujer_textil_shorts","7":"product_tag-adidas","8":"pa_color-unico","9":"pa_talla-l","10":"pa_talla-m","11":"pa_talla-s","12":"pa_talla-t-12","13":"pa_talla-t-14","14":"thunk-woo-product-list","15":"opn-qv-enable","16":"open-woo-hover-","17":"open-single-product-tab-horizontal","18":"open-shadow-","19":"open-shadow-hover-","21":"first","22":"instock","23":"shipping-taxable","24":"purchasable","25":"product-type-variable"},"jetpack_sharing_enabled":true,"_links":{"self":[{"href":"https:\/\/www.deporteseli.com\/index.php?rest_route=\/wp\/v2\/product\/43391","targetHints":{"allow":["GET"]}}],"collection":[{"href":"https:\/\/www.deporteseli.com\/index.php?rest_route=\/wp\/v2\/product"}],"about":[{"href":"https:\/\/www.deporteseli.com\/index.php?rest_route=\/wp\/v2\/types\/product"}],"wp:featuredmedia":[{"embeddable":true,"href":"https:\/\/www.deporteseli.com\/index.php?rest_route=\/wp\/v2\/media\/56877"}],"wp:attachment":[{"href":"https:\/\/www.deporteseli.com\/index.php?rest_route=%2Fwp%2Fv2%2Fmedia&parent=43391"}],"wp:term":[{"taxonomy":"product_brand","embeddable":true,"href":"https:\/\/www.deporteseli.com\/index.php?rest_route=%2Fwp%2Fv2%2Fproduct_brand&post=43391"},{"taxonomy":"product_cat","embeddable":true,"href":"https:\/\/www.deporteseli.com\/index.php?rest_route=%2Fwp%2Fv2%2Fproduct_cat&post=43391"},{"taxonomy":"product_tag","embeddable":true,"href":"https:\/\/www.deporteseli.com\/index.php?rest_route=%2Fwp%2Fv2%2Fproduct_tag&post=43391"}],"curies":[{"name":"wp","href":"https:\/\/api.w.org\/{rel}","templated":true}]}}