{"id":43371,"date":"2026-01-27T20:04:19","date_gmt":"2026-01-27T20:04:19","guid":{"rendered":"https:\/\/www.deporteseli.com\/?product=zapatilla-vl-court-3-0-2"},"modified":"2026-02-19T05:18:32","modified_gmt":"2026-02-19T05:18:32","slug":"zapatilla-vl-court-3-0-2","status":"publish","type":"product","link":"https:\/\/www.deporteseli.com\/?product=zapatilla-vl-court-3-0-2","title":{"rendered":"ZAPATILLA VL COURT 3.0"},"content":{"rendered":"<p>COMODIDAD SIN L\u00cdMITES  Cuando no hay tiempo para cambiar de look, el calzado vers\u00e1til es imprescindible. Esta zapatilla adidas para peques incansables presenta una parte superior de ante suave que le aporta comodidad de la ma\u00f1ana a la noche. La mediasuela con amortiguaci\u00f3n ligera le proporciona sujeci\u00f3n donde m\u00e1s la necesita, mientras que la suela de goma vulcanizada le ofrece una gran flexibilidad y resistencia al desgaste.    Este producto contiene al menos un 20% de materiales reciclados. Utilizando materiales reciclados, reducimos los residuos, nuestra dependencia de los recursos finitos y la huella que generan los productos que fabricamos.  Horma cl\u00e1sica  Cierre de cordones  Parte superior de ante  Forro textil  Mediasuela con amortiguaci\u00f3n  Suela de goma vulcanizada  Contiene al menos un 20% de material reciclado  Color del art\u00edculo: Cloud White \/ Core Black \/ Grey One  N\u00famero de art\u00edculo: ID9062                                                                                                                                                                                                                                                                                                                                                                                                                                                                                                                                                                                                                                                                                                                                                                                                                                                                                                                                                                                                                                        <\/p>\n","protected":false},"excerpt":{"rendered":"<p>ZAPATILLA VL COURT 3.0<\/p>\n","protected":false},"featured_media":56858,"template":"","meta":[],"product_brand":[],"product_cat":[310],"product_tag":[18],"class_list":{"0":"post-43371","1":"product","2":"type-product","3":"status-publish","4":"has-post-thumbnail","6":"product_cat-nino_calzado_casual","7":"product_tag-adidas","8":"pa_color-unico","9":"pa_talla-35-5","10":"pa_talla-36-5","11":"pa_talla-37-5","12":"pa_talla-145","13":"pa_talla-38-5","14":"pa_talla-39-5","15":"pa_talla-149","16":"thunk-woo-product-list","17":"opn-qv-enable","18":"open-woo-hover-","19":"open-single-product-tab-horizontal","20":"open-shadow-","21":"open-shadow-hover-","23":"first","24":"instock","25":"sale","26":"shipping-taxable","27":"purchasable","28":"product-type-variable"},"jetpack_sharing_enabled":true,"_links":{"self":[{"href":"https:\/\/www.deporteseli.com\/index.php?rest_route=\/wp\/v2\/product\/43371","targetHints":{"allow":["GET"]}}],"collection":[{"href":"https:\/\/www.deporteseli.com\/index.php?rest_route=\/wp\/v2\/product"}],"about":[{"href":"https:\/\/www.deporteseli.com\/index.php?rest_route=\/wp\/v2\/types\/product"}],"wp:featuredmedia":[{"embeddable":true,"href":"https:\/\/www.deporteseli.com\/index.php?rest_route=\/wp\/v2\/media\/56858"}],"wp:attachment":[{"href":"https:\/\/www.deporteseli.com\/index.php?rest_route=%2Fwp%2Fv2%2Fmedia&parent=43371"}],"wp:term":[{"taxonomy":"product_brand","embeddable":true,"href":"https:\/\/www.deporteseli.com\/index.php?rest_route=%2Fwp%2Fv2%2Fproduct_brand&post=43371"},{"taxonomy":"product_cat","embeddable":true,"href":"https:\/\/www.deporteseli.com\/index.php?rest_route=%2Fwp%2Fv2%2Fproduct_cat&post=43371"},{"taxonomy":"product_tag","embeddable":true,"href":"https:\/\/www.deporteseli.com\/index.php?rest_route=%2Fwp%2Fv2%2Fproduct_tag&post=43371"}],"curies":[{"name":"wp","href":"https:\/\/api.w.org\/{rel}","templated":true}]}}