{"id":43351,"date":"2026-01-27T20:03:52","date_gmt":"2026-01-27T20:03:52","guid":{"rendered":"https:\/\/www.deporteseli.com\/?product=botella-nike-40968"},"modified":"2026-01-27T20:03:52","modified_gmt":"2026-01-27T20:03:52","slug":"botella-nike-40968","status":"publish","type":"product","link":"https:\/\/www.deporteseli.com\/?product=botella-nike-40968","title":{"rendered":"BOTELLA NIKE 40968"},"content":{"rendered":"<p>El bid\u00f3n Nike Big Mouth 2.0 32 oz dispone de una tapa giratoria con tap\u00f3n para beber y limpiar f\u00e1cilmente. Adem\u00e1s, gracias a su gran superficie y boca ancha, se puede agregar hielo. Tiene una forma ergon\u00f3mica para los dedos que resulta c\u00f3moda y f\u00e1cil de sostener. La estructura c\u00f3nica que tiene se desliza f\u00e1cilmente dentro de los portabidones de la bicicleta y evita que salga.    Caracter\u00edsticas:    Boca ancha   Superficie grande y ranurada proporciona un agarre f\u00e1cil  Tapa giratoria  Capacidad: 946 ml  Composici\u00f3n: 72% polietileno, 24% polipropileno, 4% poliuretano termopl\u00e1stico                                                                                                                                                                                                                                                                                                                                                                                                                                                                                                                                                                                                                                                                                                                                                                                                                                                                                                                                                                                                                                        <\/p>\n","protected":false},"excerpt":{"rendered":"<p>BOTELLA NIKE 40968<\/p>\n","protected":false},"featured_media":56837,"template":"","meta":[],"product_brand":[],"product_cat":[409],"product_tag":[37],"class_list":{"0":"post-43351","1":"product","2":"type-product","3":"status-publish","4":"has-post-thumbnail","6":"product_cat-accesorios_botellas","7":"product_tag-nike","8":"thunk-woo-product-list","9":"opn-qv-enable","10":"open-woo-hover-","11":"open-single-product-tab-horizontal","12":"open-shadow-","13":"open-shadow-hover-","15":"first","16":"instock","17":"shipping-taxable","18":"purchasable","19":"product-type-simple"},"jetpack_sharing_enabled":true,"_links":{"self":[{"href":"https:\/\/www.deporteseli.com\/index.php?rest_route=\/wp\/v2\/product\/43351","targetHints":{"allow":["GET"]}}],"collection":[{"href":"https:\/\/www.deporteseli.com\/index.php?rest_route=\/wp\/v2\/product"}],"about":[{"href":"https:\/\/www.deporteseli.com\/index.php?rest_route=\/wp\/v2\/types\/product"}],"wp:featuredmedia":[{"embeddable":true,"href":"https:\/\/www.deporteseli.com\/index.php?rest_route=\/wp\/v2\/media\/56837"}],"wp:attachment":[{"href":"https:\/\/www.deporteseli.com\/index.php?rest_route=%2Fwp%2Fv2%2Fmedia&parent=43351"}],"wp:term":[{"taxonomy":"product_brand","embeddable":true,"href":"https:\/\/www.deporteseli.com\/index.php?rest_route=%2Fwp%2Fv2%2Fproduct_brand&post=43351"},{"taxonomy":"product_cat","embeddable":true,"href":"https:\/\/www.deporteseli.com\/index.php?rest_route=%2Fwp%2Fv2%2Fproduct_cat&post=43351"},{"taxonomy":"product_tag","embeddable":true,"href":"https:\/\/www.deporteseli.com\/index.php?rest_route=%2Fwp%2Fv2%2Fproduct_tag&post=43351"}],"curies":[{"name":"wp","href":"https:\/\/api.w.org\/{rel}","templated":true}]}}