{"id":43330,"date":"2026-01-27T20:03:24","date_gmt":"2026-01-27T20:03:24","guid":{"rendered":"https:\/\/www.deporteseli.com\/?product=camisa-adidas-ic9969"},"modified":"2026-03-07T06:06:42","modified_gmt":"2026-03-07T06:06:42","slug":"camisa-adidas-ic9969","status":"publish","type":"product","link":"https:\/\/www.deporteseli.com\/?product=camisa-adidas-ic9969","title":{"rendered":"CAMISA ADIDAS IC9969"},"content":{"rendered":"<p>Descripci\u00f3n  Camiseta de algod\u00f3n con logotipo para ni\u00f1os adidas Essentials Linear  Esta camiseta junior de adidas te mantiene c\u00f3modo mientras te diviertes. Con un cuello redondo cl\u00e1sico en suave jersey de algod\u00f3n, esta camiseta combina con todo, desde los pantalones cortos de entrenamiento hasta tus vaqueros favoritos. Nuestros productos de algod\u00f3n apoyan un cultivo de algod\u00f3n m\u00e1s sostenible. Ajuste cl\u00e1sico                                                                                                                                                                                                                                                                                                                                                                                                                                                                                                                                                                                                                                                                                                                                                                                                                                                                                                                                                                                                                                        <\/p>\n","protected":false},"excerpt":{"rendered":"<p>CAMISA ADIDAS IC9969<\/p>\n","protected":false},"featured_media":56807,"template":"","meta":[],"product_brand":[],"product_cat":[296],"product_tag":[18],"class_list":{"0":"post-43330","1":"product","2":"type-product","3":"status-publish","4":"has-post-thumbnail","6":"product_cat-nino_textil_camisetas","7":"product_tag-adidas","8":"pa_color-unico","9":"pa_talla-t-10","10":"thunk-woo-product-list","11":"opn-qv-enable","12":"open-woo-hover-","13":"open-single-product-tab-horizontal","14":"open-shadow-","15":"open-shadow-hover-","17":"first","18":"instock","19":"shipping-taxable","20":"purchasable","21":"product-type-variable"},"jetpack_sharing_enabled":true,"_links":{"self":[{"href":"https:\/\/www.deporteseli.com\/index.php?rest_route=\/wp\/v2\/product\/43330","targetHints":{"allow":["GET"]}}],"collection":[{"href":"https:\/\/www.deporteseli.com\/index.php?rest_route=\/wp\/v2\/product"}],"about":[{"href":"https:\/\/www.deporteseli.com\/index.php?rest_route=\/wp\/v2\/types\/product"}],"wp:featuredmedia":[{"embeddable":true,"href":"https:\/\/www.deporteseli.com\/index.php?rest_route=\/wp\/v2\/media\/56807"}],"wp:attachment":[{"href":"https:\/\/www.deporteseli.com\/index.php?rest_route=%2Fwp%2Fv2%2Fmedia&parent=43330"}],"wp:term":[{"taxonomy":"product_brand","embeddable":true,"href":"https:\/\/www.deporteseli.com\/index.php?rest_route=%2Fwp%2Fv2%2Fproduct_brand&post=43330"},{"taxonomy":"product_cat","embeddable":true,"href":"https:\/\/www.deporteseli.com\/index.php?rest_route=%2Fwp%2Fv2%2Fproduct_cat&post=43330"},{"taxonomy":"product_tag","embeddable":true,"href":"https:\/\/www.deporteseli.com\/index.php?rest_route=%2Fwp%2Fv2%2Fproduct_tag&post=43330"}],"curies":[{"name":"wp","href":"https:\/\/api.w.org\/{rel}","templated":true}]}}