{"id":43238,"date":"2026-01-27T20:01:18","date_gmt":"2026-01-27T20:01:18","guid":{"rendered":"https:\/\/www.deporteseli.com\/?product=tenis-adidas-ie1083-25-2"},"modified":"2026-02-16T07:52:53","modified_gmt":"2026-02-16T07:52:53","slug":"tenis-adidas-ie1083-25-2","status":"publish","type":"product","link":"https:\/\/www.deporteseli.com\/?product=tenis-adidas-ie1083-25-2","title":{"rendered":"TENIS ADIDAS IE1083\/25.2"},"content":{"rendered":"<p>Imp\u00f3n tu juego en la cancha  Supera a la defensa rival o lanza un tiro en suspensi\u00f3n con esta zapatilla adidas para pista cubierta. La mediasuela con tecnolog\u00eda adidas BOOST proporciona un retorno de energ\u00eda \u00f3ptimo, mientras que su estructura reforzada te ofrece una excelente sujeci\u00f3n en los cambios de direcci\u00f3n r\u00e1pidos. El empeine y la leng\u00fceta de malla favorecen la ventilaci\u00f3n en los partidos m\u00e1s intensos. P\u00f3ntela y conc\u00e9ntrate \u00fanicamente en llevar a tu equipo a la victoria.    Este producto contiene al menos un 20% de materiales reciclados. Utilizando materiales reciclados, reducimos los residuos, nuestra dependencia de los recursos finitos y la huella que generan los productos que fabricamos.  Horma cl\u00e1sica  Cierre de cordones  Empeine y leng\u00fceta de malla  Forro textil  Mediasuela BOOST  Puntera reforzada  Suela de goma  Contiene al menos un 20% de material reciclado  Color del art\u00edculo: Lucid Blue \/ Cloud White \/ Lucid Lemon  N\u00famero de art\u00edculo: IE1083                                                                                                                                                                                                                                                                                                                                                                                                                                                                                                                                                                                                                                                                                                                                                                                                                                                                                                                                                                                                                                        <\/p>\n","protected":false},"excerpt":{"rendered":"<p>TENIS ADIDAS IE1083\/25.2<\/p>\n","protected":false},"featured_media":56701,"template":"","meta":[],"product_brand":[],"product_cat":[345],"product_tag":[18],"class_list":{"0":"post-43238","1":"product","2":"type-product","3":"status-publish","4":"has-post-thumbnail","6":"product_cat-deportes_balonmano","7":"product_tag-adidas","8":"pa_color-unico","9":"pa_talla-40-5","10":"pa_talla-41-5","11":"pa_talla-153","12":"pa_talla-42-5","13":"pa_talla-43-5","14":"pa_talla-157","15":"pa_talla-45-5","16":"pa_talla-161","17":"thunk-woo-product-list","18":"opn-qv-enable","19":"open-woo-hover-","20":"open-single-product-tab-horizontal","21":"open-shadow-","22":"open-shadow-hover-","24":"first","25":"instock","26":"sale","27":"shipping-taxable","28":"purchasable","29":"product-type-variable"},"jetpack_sharing_enabled":true,"_links":{"self":[{"href":"https:\/\/www.deporteseli.com\/index.php?rest_route=\/wp\/v2\/product\/43238","targetHints":{"allow":["GET"]}}],"collection":[{"href":"https:\/\/www.deporteseli.com\/index.php?rest_route=\/wp\/v2\/product"}],"about":[{"href":"https:\/\/www.deporteseli.com\/index.php?rest_route=\/wp\/v2\/types\/product"}],"wp:featuredmedia":[{"embeddable":true,"href":"https:\/\/www.deporteseli.com\/index.php?rest_route=\/wp\/v2\/media\/56701"}],"wp:attachment":[{"href":"https:\/\/www.deporteseli.com\/index.php?rest_route=%2Fwp%2Fv2%2Fmedia&parent=43238"}],"wp:term":[{"taxonomy":"product_brand","embeddable":true,"href":"https:\/\/www.deporteseli.com\/index.php?rest_route=%2Fwp%2Fv2%2Fproduct_brand&post=43238"},{"taxonomy":"product_cat","embeddable":true,"href":"https:\/\/www.deporteseli.com\/index.php?rest_route=%2Fwp%2Fv2%2Fproduct_cat&post=43238"},{"taxonomy":"product_tag","embeddable":true,"href":"https:\/\/www.deporteseli.com\/index.php?rest_route=%2Fwp%2Fv2%2Fproduct_tag&post=43238"}],"curies":[{"name":"wp","href":"https:\/\/api.w.org\/{rel}","templated":true}]}}