{"id":43125,"date":"2026-01-27T19:58:33","date_gmt":"2026-01-27T19:58:33","guid":{"rendered":"https:\/\/www.deporteseli.com\/?product=tenis-puma-380740"},"modified":"2026-01-27T19:58:39","modified_gmt":"2026-01-27T19:58:39","slug":"tenis-puma-380740","status":"publish","type":"product","link":"https:\/\/www.deporteseli.com\/?product=tenis-puma-380740","title":{"rendered":"TENIS PUMA 380740"},"content":{"rendered":"<p>HISTORIA DEL PRODUCTO  Con las zapatillas Multiflex, tus peque\u00f1os estar\u00e1n listos para jugar todo el d\u00eda. Con un cierre de velcro y presillas en el tal\u00f3n y la leng\u00fceta para pon\u00e9rselas y quit\u00e1rselas f\u00e1cilmente, un ajuste y un empeine mejorados y una suela exterior de goma duradera para una tracci\u00f3n superior, estas zapatillas cl\u00e1sicas y sencillas mantendr\u00e1n felices a los pies de los peque\u00f1os.    DETALLES  Parte superior sint\u00e9tica  Entresuela de goma  Suela de goma que no deja marcas  Cierre de velcro para un ajuste perfecto.  Logotipo de PUMA Cat en la leng\u00fceta  Franja caracter\u00edstica PUMA en los lados medial y lateral  Marca denominativa PUMA en el lateral                                                                                                                                                                                                                                                                                                                                                                                                                                                                                                                                                                                                                                                                                                                                                                                                                                                                                                                                                                                                                                        <\/p>\n","protected":false},"excerpt":{"rendered":"<p>TENIS PUMA 380740<\/p>\n","protected":false},"featured_media":56622,"template":"","meta":[],"product_brand":[],"product_cat":[310],"product_tag":[32],"class_list":{"0":"post-43125","1":"product","2":"type-product","3":"status-publish","4":"has-post-thumbnail","6":"product_cat-nino_calzado_casual","7":"product_tag-puma","8":"pa_color-negro","9":"pa_talla-127","10":"pa_talla-131","11":"pa_talla-133","12":"thunk-woo-product-list","13":"opn-qv-enable","14":"open-woo-hover-","15":"open-single-product-tab-horizontal","16":"open-shadow-","17":"open-shadow-hover-","19":"first","20":"instock","21":"sale","22":"shipping-taxable","23":"purchasable","24":"product-type-variable"},"jetpack_sharing_enabled":true,"_links":{"self":[{"href":"https:\/\/www.deporteseli.com\/index.php?rest_route=\/wp\/v2\/product\/43125","targetHints":{"allow":["GET"]}}],"collection":[{"href":"https:\/\/www.deporteseli.com\/index.php?rest_route=\/wp\/v2\/product"}],"about":[{"href":"https:\/\/www.deporteseli.com\/index.php?rest_route=\/wp\/v2\/types\/product"}],"wp:featuredmedia":[{"embeddable":true,"href":"https:\/\/www.deporteseli.com\/index.php?rest_route=\/wp\/v2\/media\/56622"}],"wp:attachment":[{"href":"https:\/\/www.deporteseli.com\/index.php?rest_route=%2Fwp%2Fv2%2Fmedia&parent=43125"}],"wp:term":[{"taxonomy":"product_brand","embeddable":true,"href":"https:\/\/www.deporteseli.com\/index.php?rest_route=%2Fwp%2Fv2%2Fproduct_brand&post=43125"},{"taxonomy":"product_cat","embeddable":true,"href":"https:\/\/www.deporteseli.com\/index.php?rest_route=%2Fwp%2Fv2%2Fproduct_cat&post=43125"},{"taxonomy":"product_tag","embeddable":true,"href":"https:\/\/www.deporteseli.com\/index.php?rest_route=%2Fwp%2Fv2%2Fproduct_tag&post=43125"}],"curies":[{"name":"wp","href":"https:\/\/api.w.org\/{rel}","templated":true}]}}