{"id":43113,"date":"2026-01-27T19:58:04","date_gmt":"2026-01-27T19:58:04","guid":{"rendered":"https:\/\/www.deporteseli.com\/?product=chandal-adidas-iy6655-24-2"},"modified":"2026-03-07T06:05:18","modified_gmt":"2026-03-07T06:05:18","slug":"chandal-adidas-iy6655-24-2","status":"publish","type":"product","link":"https:\/\/www.deporteseli.com\/?product=chandal-adidas-iy6655-24-2","title":{"rendered":"CHANDAL ADIDAS IY6655\/24.2"},"content":{"rendered":"<p>UN CONJUNTO ESENCIAL HECHO CON MATERIALES RECICLADOS.  Hay muchas razones para tener un conjunto en tu poder. En especial si se trata de este modelo de adidas. En primer lugar est\u00e1 el look general, que es estilo deportivo cl\u00e1sico de principio a fin con logos adidas exclusivos. Su sencillez lo hace muy vers\u00e1til y podr\u00e1s decidir si usarlo completo o la chamarra y los pants por separado. Luego est\u00e1 el nivel de comodidad. El tejido plano de poli\u00e9ster suave es estilizado y ligero, perfecto para descansar, entrar en calor o salir a la calle.    Este producto, hecho con materiales 100% reciclados, representa solo una de nuestras soluciones para acabar con los residuos pl\u00e1sticos.  Ajuste cl\u00e1sico  Chamarra con cierre frontal y cuello alto  Tejido plano 100 % poli\u00e9ster reciclado  Bolsillos laterales en los pants  Cintura el\u00e1stica en los pants  Pu\u00f1os de las mangas acanalados  Color del art\u00edculo: Olive Strata  N\u00famero de art\u00edculo: IY6655                                                                                                                                                                                                                                                                                                                                                                                                                                                                                                                                                                                                                                                                                                                                                                                                                                                                                                                                                                                                                                        <\/p>\n","protected":false},"excerpt":{"rendered":"<p>CHANDAL ADIDAS IY6655\/24.2<\/p>\n","protected":false},"featured_media":56602,"template":"","meta":[],"product_brand":[],"product_cat":[248],"product_tag":[18],"class_list":{"0":"post-43113","1":"product","2":"type-product","3":"status-publish","4":"has-post-thumbnail","6":"product_cat-hombre_textil_chandals","7":"product_tag-adidas","8":"pa_color-unico","9":"pa_talla-s","10":"thunk-woo-product-list","11":"opn-qv-enable","12":"open-woo-hover-","13":"open-single-product-tab-horizontal","14":"open-shadow-","15":"open-shadow-hover-","17":"first","18":"instock","19":"shipping-taxable","20":"purchasable","21":"product-type-variable"},"jetpack_sharing_enabled":true,"_links":{"self":[{"href":"https:\/\/www.deporteseli.com\/index.php?rest_route=\/wp\/v2\/product\/43113","targetHints":{"allow":["GET"]}}],"collection":[{"href":"https:\/\/www.deporteseli.com\/index.php?rest_route=\/wp\/v2\/product"}],"about":[{"href":"https:\/\/www.deporteseli.com\/index.php?rest_route=\/wp\/v2\/types\/product"}],"wp:featuredmedia":[{"embeddable":true,"href":"https:\/\/www.deporteseli.com\/index.php?rest_route=\/wp\/v2\/media\/56602"}],"wp:attachment":[{"href":"https:\/\/www.deporteseli.com\/index.php?rest_route=%2Fwp%2Fv2%2Fmedia&parent=43113"}],"wp:term":[{"taxonomy":"product_brand","embeddable":true,"href":"https:\/\/www.deporteseli.com\/index.php?rest_route=%2Fwp%2Fv2%2Fproduct_brand&post=43113"},{"taxonomy":"product_cat","embeddable":true,"href":"https:\/\/www.deporteseli.com\/index.php?rest_route=%2Fwp%2Fv2%2Fproduct_cat&post=43113"},{"taxonomy":"product_tag","embeddable":true,"href":"https:\/\/www.deporteseli.com\/index.php?rest_route=%2Fwp%2Fv2%2Fproduct_tag&post=43113"}],"curies":[{"name":"wp","href":"https:\/\/api.w.org\/{rel}","templated":true}]}}