{"id":43101,"date":"2026-01-27T19:57:48","date_gmt":"2026-01-27T19:57:48","guid":{"rendered":"https:\/\/www.deporteseli.com\/?product=camiseta-essentials-slim-loungewear-3-bandas-2"},"modified":"2026-03-07T06:05:02","modified_gmt":"2026-03-07T06:05:02","slug":"camiseta-essentials-slim-loungewear-3-bandas-2","status":"publish","type":"product","link":"https:\/\/www.deporteseli.com\/?product=camiseta-essentials-slim-loungewear-3-bandas-2","title":{"rendered":"CAMISETA ESSENTIALS SLIM LOUNGEWEAR 3 BANDAS"},"content":{"rendered":"<p>PURO ESTILO ADIDAS  Muestra tu lado m\u00e1s deportivo con esta camiseta de corte entallado. Las 3 bandas en contraste en las mangas le aportan un toque de color. Comb\u00ednala con pr\u00e1cticamente cualquier prenda, desde un vaquero hasta una falda o unas mallas.    Nuestros productos de algod\u00f3n se han fabricado de forma sostenible y ayudan a acabar con los residuos pl\u00e1sticos.  Corte entallado  Cuello redondo  100% algod\u00f3n  Manga corta  Color del art\u00edculo: Black \/ White  N\u00famero de art\u00edculo: GL0784                                                                                                                                                                                                                                                                                                                                                                                                                                                                                                                                                                                                                                                                                                                                                                                                                                                                                                                                                                                                                                        <\/p>\n","protected":false},"excerpt":{"rendered":"<p>CAMISETA ESSENTIALS SLIM LOUNGEWEAR 3 BANDAS<\/p>\n","protected":false},"featured_media":56592,"template":"","meta":[],"product_brand":[],"product_cat":[269],"product_tag":[18],"class_list":{"0":"post-43101","1":"product","2":"type-product","3":"status-publish","4":"has-post-thumbnail","6":"product_cat-mujer_textil_camisetas","7":"product_tag-adidas","8":"pa_color-unico","9":"pa_talla-l","10":"thunk-woo-product-list","11":"opn-qv-enable","12":"open-woo-hover-","13":"open-single-product-tab-horizontal","14":"open-shadow-","15":"open-shadow-hover-","17":"first","18":"instock","19":"shipping-taxable","20":"purchasable","21":"product-type-variable"},"jetpack_sharing_enabled":true,"_links":{"self":[{"href":"https:\/\/www.deporteseli.com\/index.php?rest_route=\/wp\/v2\/product\/43101","targetHints":{"allow":["GET"]}}],"collection":[{"href":"https:\/\/www.deporteseli.com\/index.php?rest_route=\/wp\/v2\/product"}],"about":[{"href":"https:\/\/www.deporteseli.com\/index.php?rest_route=\/wp\/v2\/types\/product"}],"wp:featuredmedia":[{"embeddable":true,"href":"https:\/\/www.deporteseli.com\/index.php?rest_route=\/wp\/v2\/media\/56592"}],"wp:attachment":[{"href":"https:\/\/www.deporteseli.com\/index.php?rest_route=%2Fwp%2Fv2%2Fmedia&parent=43101"}],"wp:term":[{"taxonomy":"product_brand","embeddable":true,"href":"https:\/\/www.deporteseli.com\/index.php?rest_route=%2Fwp%2Fv2%2Fproduct_brand&post=43101"},{"taxonomy":"product_cat","embeddable":true,"href":"https:\/\/www.deporteseli.com\/index.php?rest_route=%2Fwp%2Fv2%2Fproduct_cat&post=43101"},{"taxonomy":"product_tag","embeddable":true,"href":"https:\/\/www.deporteseli.com\/index.php?rest_route=%2Fwp%2Fv2%2Fproduct_tag&post=43101"}],"curies":[{"name":"wp","href":"https:\/\/api.w.org\/{rel}","templated":true}]}}