{"id":43038,"date":"2026-01-27T19:56:04","date_gmt":"2026-01-27T19:56:04","guid":{"rendered":"https:\/\/www.deporteseli.com\/?product=head-gravity-motion-palas-de-padel"},"modified":"2026-01-27T19:56:04","modified_gmt":"2026-01-27T19:56:04","slug":"head-gravity-motion-palas-de-padel","status":"publish","type":"product","link":"https:\/\/www.deporteseli.com\/?product=head-gravity-motion-palas-de-padel","title":{"rendered":"HEAD GRAVITY MOTION PALAS DE P\u00e1DEL"},"content":{"rendered":"<p>Con un equilibrio m\u00e1s bajo que su versi\u00f3n anterior, la nueva GRAVITY MOTION es a\u00fan m\u00e1s f\u00e1cil de manejar y ofrece a\u00fan m\u00e1s control. Siendo m\u00e1s ligero que la GRAVITY PRO, incorpora la tecnolog\u00eda Auxetic 2.0 que mejora el tacto y la conexi\u00f3n con la pelota. Con un molde en forma redonda y una goma Control Foam que mejoran el punto dulce, la nueva tecnolog\u00eda en la cara ofrece un mayor agarre y efecto de la pelota. Adem\u00e1s, la tecnolog\u00eda del tap\u00f3n blando en la base de la empu\u00f1adura proporciona un agarre c\u00f3modo y una reducci\u00f3n de las vibraciones. Hecha para jugadores avanzados y de competici\u00f3n que buscan controlar el juego, la GRAVITY MOTION viene provista de una superficie de golpeo de fibra de vidrio para un confort adicional y una potencia f\u00e1cil, combinada con un aspecto renovado, fresco y moderno.    \u00b7 Para jugadores avanzados y de competici\u00f3n que quieren controlar el juego dentro y fuera de la pista.  \u00b7 Molde en forma redonda y goma Control Foam para un punto dulce m\u00e1s amplio.  \u00b7 M\u00e1s ligero que el GRAVITY PRO, c\u00f3modo y f\u00e1cil de manejar.  \u00b7 Saldo reducido para una manejabilidad y un control superiores.  \u00b7 Nueva tecnolog\u00eda Spin Surface para generar m\u00e1s efectos y agarre en la pelota.  \u00b7 Nueva tecnolog\u00eda Auxetic 2.0 para m\u00e1s tacto y conexi\u00f3n con la pelota.  \u00b7 Tecnolog\u00eda de tap\u00f3n blando en la base de la empu\u00f1adura para un agarre c\u00f3modo y reducci\u00f3n de las vibraciones.  \u00b7 Superficie de golpeo de fibra de vidrio para un confort superior y un tacto m\u00e1s suave.  \u00b7 Dise\u00f1o renovado, fresco y moderno.                                                                                                                                                                                                                                                                                                                                                                                                                                                                                                                                                                                                                                                                                                                                                                                                                                                                                                                                                                                                                                        <\/p>\n","protected":false},"excerpt":{"rendered":"<p>HEAD GRAVITY MOTION PALAS DE P\u00e1DEL<\/p>\n","protected":false},"featured_media":56538,"template":"","meta":[],"product_brand":[],"product_cat":[353],"product_tag":[22],"class_list":{"0":"post-43038","1":"product","2":"type-product","3":"status-publish","4":"has-post-thumbnail","6":"product_cat-padel_y_tenis_palas","7":"product_tag-head","8":"thunk-woo-product-list","9":"opn-qv-enable","10":"open-woo-hover-","11":"open-single-product-tab-horizontal","12":"open-shadow-","13":"open-shadow-hover-","15":"first","16":"instock","17":"sale","18":"shipping-taxable","19":"purchasable","20":"product-type-simple"},"jetpack_sharing_enabled":true,"_links":{"self":[{"href":"https:\/\/www.deporteseli.com\/index.php?rest_route=\/wp\/v2\/product\/43038","targetHints":{"allow":["GET"]}}],"collection":[{"href":"https:\/\/www.deporteseli.com\/index.php?rest_route=\/wp\/v2\/product"}],"about":[{"href":"https:\/\/www.deporteseli.com\/index.php?rest_route=\/wp\/v2\/types\/product"}],"wp:featuredmedia":[{"embeddable":true,"href":"https:\/\/www.deporteseli.com\/index.php?rest_route=\/wp\/v2\/media\/56538"}],"wp:attachment":[{"href":"https:\/\/www.deporteseli.com\/index.php?rest_route=%2Fwp%2Fv2%2Fmedia&parent=43038"}],"wp:term":[{"taxonomy":"product_brand","embeddable":true,"href":"https:\/\/www.deporteseli.com\/index.php?rest_route=%2Fwp%2Fv2%2Fproduct_brand&post=43038"},{"taxonomy":"product_cat","embeddable":true,"href":"https:\/\/www.deporteseli.com\/index.php?rest_route=%2Fwp%2Fv2%2Fproduct_cat&post=43038"},{"taxonomy":"product_tag","embeddable":true,"href":"https:\/\/www.deporteseli.com\/index.php?rest_route=%2Fwp%2Fv2%2Fproduct_tag&post=43038"}],"curies":[{"name":"wp","href":"https:\/\/api.w.org\/{rel}","templated":true}]}}