{"id":42992,"date":"2026-01-27T19:54:58","date_gmt":"2026-01-27T19:54:58","guid":{"rendered":"https:\/\/www.deporteseli.com\/?product=zapatilla-run-60s-3-0-2"},"modified":"2026-01-27T19:55:00","modified_gmt":"2026-01-27T19:55:00","slug":"zapatilla-run-60s-3-0-2","status":"publish","type":"product","link":"https:\/\/www.deporteseli.com\/?product=zapatilla-run-60s-3-0-2","title":{"rendered":"ZAPATILLA RUN 60S 3.0"},"content":{"rendered":"<p>IDEAL PARA UN ESTILO DE VIDA TREPIDANTE  Disfruta de un estilo deportivo y un confort total con esta zapatilla adidas. Presenta un empeine ligero y una suela de goma flexible. Incluye un forro interior suave que se adapta al pie y lo sujeta y una mediasuela de EVA ligera que te ofrece una pisada ultrac\u00f3moda. Con esta zapatilla te encantar\u00e1 dar paseos por el parque o hacer turismo y redescubrir tu propia ciudad.  Horma cl\u00e1sica  Cierre de cordones  Empeine textil  Forro textil  Mediasuela de EVA  Suela de goma  Color del art\u00edculo: Core Black \/ Silver Metallic \/ Core White  N\u00famero de art\u00edculo: IE3806                                                                                                                                                                                                                                                                                                                                                                                                                                                                                                                                                                                                                                                                                                                                                                                                                                                                                                                                                                                                                                        <\/p>\n","protected":false},"excerpt":{"rendered":"<p>ZAPATILLA RUN 60S 3.0<\/p>\n","protected":false},"featured_media":56481,"template":"","meta":[],"product_brand":[],"product_cat":[287],"product_tag":[18],"class_list":{"0":"post-42992","1":"product","2":"type-product","3":"status-publish","4":"has-post-thumbnail","6":"product_cat-mujer_calzado_casual","7":"product_tag-adidas","8":"pa_color-unico","9":"pa_talla-37-5","10":"thunk-woo-product-list","11":"opn-qv-enable","12":"open-woo-hover-","13":"open-single-product-tab-horizontal","14":"open-shadow-","15":"open-shadow-hover-","17":"first","18":"instock","19":"sale","20":"shipping-taxable","21":"purchasable","22":"product-type-variable"},"jetpack_sharing_enabled":true,"_links":{"self":[{"href":"https:\/\/www.deporteseli.com\/index.php?rest_route=\/wp\/v2\/product\/42992","targetHints":{"allow":["GET"]}}],"collection":[{"href":"https:\/\/www.deporteseli.com\/index.php?rest_route=\/wp\/v2\/product"}],"about":[{"href":"https:\/\/www.deporteseli.com\/index.php?rest_route=\/wp\/v2\/types\/product"}],"wp:featuredmedia":[{"embeddable":true,"href":"https:\/\/www.deporteseli.com\/index.php?rest_route=\/wp\/v2\/media\/56481"}],"wp:attachment":[{"href":"https:\/\/www.deporteseli.com\/index.php?rest_route=%2Fwp%2Fv2%2Fmedia&parent=42992"}],"wp:term":[{"taxonomy":"product_brand","embeddable":true,"href":"https:\/\/www.deporteseli.com\/index.php?rest_route=%2Fwp%2Fv2%2Fproduct_brand&post=42992"},{"taxonomy":"product_cat","embeddable":true,"href":"https:\/\/www.deporteseli.com\/index.php?rest_route=%2Fwp%2Fv2%2Fproduct_cat&post=42992"},{"taxonomy":"product_tag","embeddable":true,"href":"https:\/\/www.deporteseli.com\/index.php?rest_route=%2Fwp%2Fv2%2Fproduct_tag&post=42992"}],"curies":[{"name":"wp","href":"https:\/\/api.w.org\/{rel}","templated":true}]}}