{"id":42986,"date":"2026-01-27T19:54:50","date_gmt":"2026-01-27T19:54:50","guid":{"rendered":"https:\/\/www.deporteseli.com\/?product=zapatilla-de-futbol-predator-club-moqueta"},"modified":"2026-01-27T19:54:55","modified_gmt":"2026-01-27T19:54:55","slug":"zapatilla-de-futbol-predator-club-moqueta","status":"publish","type":"product","link":"https:\/\/www.deporteseli.com\/?product=zapatilla-de-futbol-predator-club-moqueta","title":{"rendered":"ZAPATILLA DE F\u00faTBOL PREDATOR CLUB MOQUETA"},"content":{"rendered":"<p>GANAR ES EL TRATO  Cuando tienes la porter\u00eda a tiro, adidas Predator convierte la presi\u00f3n en una precisi\u00f3n milim\u00e9trica. Esta zapatilla de f\u00fatbol Club para j\u00f3venes promesas presenta un empeine sint\u00e9tico con un acabado texturizado en el exterior y una estructura envolvente en el interior que le confiere un toque \u00fanico. La suela de goma estriada te permite desplegar tu mejor juego en campos de moqueta.    Al elegir materiales reciclados, podemos dar nueva vida a materiales que ya se han utilizado, lo que contribuye a reducir los residuos. La utilizaci\u00f3n de materiales renovables nos ayuda a acabar con nuestra dependencia de los recursos finitos. Nuestros productos fabricados con materiales reciclados y renovables contienen al menos un 20% de estos materiales.  Horma cl\u00e1sica  Cierre de cordones  Empeine de material sint\u00e9tico texturizado  Forro textil  Suela de goma para campos de moqueta  Contiene al menos un 20% de material reciclado y renovable  Color del art\u00edculo: Core Black \/ Carbon \/ Gold Metallic  N\u00famero de art\u00edculo: IF6419                                                                                                                                                                                                                                                                                                                                                                                                                                                                                                                                                                                                                                                                                                                                                                                                                                                                                                                                                                                                                                        <\/p>\n","protected":false},"excerpt":{"rendered":"<p>ZAPATILLA DE F\u00faTBOL PREDATOR CLUB MOQUETA<\/p>\n","protected":false},"featured_media":56471,"template":"","meta":[],"product_brand":[],"product_cat":[318],"product_tag":[18],"class_list":{"0":"post-42986","1":"product","2":"type-product","3":"status-publish","4":"has-post-thumbnail","6":"product_cat-deportes_futbol_botas","7":"product_tag-adidas","8":"pa_color-unico","9":"pa_talla-125","10":"pa_talla-145","11":"pa_talla-38-5","12":"thunk-woo-product-list","13":"opn-qv-enable","14":"open-woo-hover-","15":"open-single-product-tab-horizontal","16":"open-shadow-","17":"open-shadow-hover-","19":"first","20":"instock","21":"sale","22":"shipping-taxable","23":"purchasable","24":"product-type-variable"},"jetpack_sharing_enabled":true,"_links":{"self":[{"href":"https:\/\/www.deporteseli.com\/index.php?rest_route=\/wp\/v2\/product\/42986","targetHints":{"allow":["GET"]}}],"collection":[{"href":"https:\/\/www.deporteseli.com\/index.php?rest_route=\/wp\/v2\/product"}],"about":[{"href":"https:\/\/www.deporteseli.com\/index.php?rest_route=\/wp\/v2\/types\/product"}],"wp:featuredmedia":[{"embeddable":true,"href":"https:\/\/www.deporteseli.com\/index.php?rest_route=\/wp\/v2\/media\/56471"}],"wp:attachment":[{"href":"https:\/\/www.deporteseli.com\/index.php?rest_route=%2Fwp%2Fv2%2Fmedia&parent=42986"}],"wp:term":[{"taxonomy":"product_brand","embeddable":true,"href":"https:\/\/www.deporteseli.com\/index.php?rest_route=%2Fwp%2Fv2%2Fproduct_brand&post=42986"},{"taxonomy":"product_cat","embeddable":true,"href":"https:\/\/www.deporteseli.com\/index.php?rest_route=%2Fwp%2Fv2%2Fproduct_cat&post=42986"},{"taxonomy":"product_tag","embeddable":true,"href":"https:\/\/www.deporteseli.com\/index.php?rest_route=%2Fwp%2Fv2%2Fproduct_tag&post=42986"}],"curies":[{"name":"wp","href":"https:\/\/api.w.org\/{rel}","templated":true}]}}