{"id":42827,"date":"2026-01-27T19:51:02","date_gmt":"2026-01-27T19:51:02","guid":{"rendered":"https:\/\/www.deporteseli.com\/?product=falda-bullpadel-oleiros-azul-noche"},"modified":"2026-03-07T06:02:11","modified_gmt":"2026-03-07T06:02:11","slug":"falda-bullpadel-oleiros-azul-noche","status":"publish","type":"product","link":"https:\/\/www.deporteseli.com\/?product=falda-bullpadel-oleiros-azul-noche","title":{"rendered":"FALDA BULLPADEL OLEIROS AZUL NOCHE"},"content":{"rendered":"<p>Falda-pantal\u00f3n con goma personalizada de nuestra l\u00ednea Purecolor. Est\u00e1 confeccionada en tejido a la plana de poli\u00e9ster el\u00e1stico en dos direcciones, con perforaciones en la parte de la falda, mientras que el short est\u00e1 fabricado en punto el\u00e1stico de nylon. Su dise\u00f1o, con peque\u00f1os plisados en el lateral delantero, est\u00e1 decorado con la firma de la colecci\u00f3n en prints reflectantes y emplea tejidos t\u00e9cnicos y ligeros en poli\u00e9ster para aportar confort y funcionalidad.    Adem\u00e1s, incorpora la tecnolog\u00eda Binamic para proporcionar gran libertad de movimiento en dos direcciones y la tecnolog\u00eda Quickerdry, que utiliza micro-filamentos para reducir la humedad y favorecer la transpiraci\u00f3n                                                                                                                                                                                                                                                                                                                                                                                                                                                                                                                                                                                                                                                                                                                                                                                                                                                                                                                                                                                                                                        <\/p>\n","protected":false},"excerpt":{"rendered":"<p>FALDA BULLPADEL OLEIROS AZUL NOCHE<\/p>\n","protected":false},"featured_media":56306,"template":"","meta":[],"product_brand":[],"product_cat":[366],"product_tag":[21],"class_list":{"0":"post-42827","1":"product","2":"type-product","3":"status-publish","4":"has-post-thumbnail","6":"product_cat-padel_y_tenis_textil_faldas","7":"product_tag-bull_padel","8":"pa_color-unico","9":"pa_talla-s","10":"pa_talla-xl","11":"thunk-woo-product-list","12":"opn-qv-enable","13":"open-woo-hover-","14":"open-single-product-tab-horizontal","15":"open-shadow-","16":"open-shadow-hover-","18":"first","19":"instock","20":"shipping-taxable","21":"purchasable","22":"product-type-variable"},"jetpack_sharing_enabled":true,"_links":{"self":[{"href":"https:\/\/www.deporteseli.com\/index.php?rest_route=\/wp\/v2\/product\/42827","targetHints":{"allow":["GET"]}}],"collection":[{"href":"https:\/\/www.deporteseli.com\/index.php?rest_route=\/wp\/v2\/product"}],"about":[{"href":"https:\/\/www.deporteseli.com\/index.php?rest_route=\/wp\/v2\/types\/product"}],"wp:featuredmedia":[{"embeddable":true,"href":"https:\/\/www.deporteseli.com\/index.php?rest_route=\/wp\/v2\/media\/56306"}],"wp:attachment":[{"href":"https:\/\/www.deporteseli.com\/index.php?rest_route=%2Fwp%2Fv2%2Fmedia&parent=42827"}],"wp:term":[{"taxonomy":"product_brand","embeddable":true,"href":"https:\/\/www.deporteseli.com\/index.php?rest_route=%2Fwp%2Fv2%2Fproduct_brand&post=42827"},{"taxonomy":"product_cat","embeddable":true,"href":"https:\/\/www.deporteseli.com\/index.php?rest_route=%2Fwp%2Fv2%2Fproduct_cat&post=42827"},{"taxonomy":"product_tag","embeddable":true,"href":"https:\/\/www.deporteseli.com\/index.php?rest_route=%2Fwp%2Fv2%2Fproduct_tag&post=42827"}],"curies":[{"name":"wp","href":"https:\/\/api.w.org\/{rel}","templated":true}]}}