{"id":42656,"date":"2026-01-27T19:46:20","date_gmt":"2026-01-27T19:46:20","guid":{"rendered":"https:\/\/www.deporteseli.com\/?product=tenis-joma-school-jr-2433"},"modified":"2026-01-27T19:46:23","modified_gmt":"2026-01-27T19:46:23","slug":"tenis-joma-school-jr-2433","status":"publish","type":"product","link":"https:\/\/www.deporteseli.com\/?product=tenis-joma-school-jr-2433","title":{"rendered":"TENIS JOMA SCHOOL JR 2433"},"content":{"rendered":"<p>Zapatillas para ni\u00f1o Joma W.School JR 2433 Azul Marino  Zapatos escolares para ni\u00f1os y ni\u00f1as. Super duraderos y de f\u00e1cil mantenimiento para sus necesidades. Pueden llevarlos para todos los d\u00edas, al colegio o para sus actividades deportivas.    La parte superior es de piel sint\u00e9tica. Se ha aplicado la tecnolog\u00eda VTS, que consiste en peque\u00f1as perforaciones en el empeine para permitir la entrada y salida de aire y optimizar as\u00ed la ventilaci\u00f3n del sudor.    Cuentan con refuerzos en la puntera y el tal\u00f3n para mayor durabilidad.    La suela es de goma muy resistente al desgaste. Incorpora las tecnolog\u00edas FLEXO, un sistema de l\u00edneas de flexi\u00f3n que da lugar a un dibujo m\u00e1s natural de la banda de rodadura, y ROTATION para facilitar el paso por curva.    Tecnolog\u00edas:  &#8211; Parte superior de piel sint\u00e9tica con sistema de ventilaci\u00f3n VTS.    &#8211; DURABILIDAD: Tecnolog\u00eda que ofrece mayor durabilidad a la suela gracias al caucho de alta resistencia.    &#8211; Intensidad de uso: diario    &#8211; Prestaciones: nivel de entrada    Detalles:  &#8211; G\u00e9nero: Ni\u00f1os    &#8211; Color: Azul Marino    &#8211; Referencia: WSCHOW2433V                                                                                                                                                                                                                                                                                                                                                                                                                                                                                                                                                                                                                                                                                                                                                                                                                                                                                                                                                                                                                                        <\/p>\n","protected":false},"excerpt":{"rendered":"<p>TENIS JOMA SCHOOL JR 2433<\/p>\n","protected":false},"featured_media":56156,"template":"","meta":[],"product_brand":[],"product_cat":[310],"product_tag":[31],"class_list":{"0":"post-42656","1":"product","2":"type-product","3":"status-publish","4":"has-post-thumbnail","6":"product_cat-nino_calzado_casual","7":"product_tag-joma","8":"pa_color-marino","9":"pa_talla-117","10":"pa_talla-145","11":"thunk-woo-product-list","12":"opn-qv-enable","13":"open-woo-hover-","14":"open-single-product-tab-horizontal","15":"open-shadow-","16":"open-shadow-hover-","18":"first","19":"instock","20":"sale","21":"shipping-taxable","22":"purchasable","23":"product-type-variable"},"jetpack_sharing_enabled":true,"_links":{"self":[{"href":"https:\/\/www.deporteseli.com\/index.php?rest_route=\/wp\/v2\/product\/42656","targetHints":{"allow":["GET"]}}],"collection":[{"href":"https:\/\/www.deporteseli.com\/index.php?rest_route=\/wp\/v2\/product"}],"about":[{"href":"https:\/\/www.deporteseli.com\/index.php?rest_route=\/wp\/v2\/types\/product"}],"wp:featuredmedia":[{"embeddable":true,"href":"https:\/\/www.deporteseli.com\/index.php?rest_route=\/wp\/v2\/media\/56156"}],"wp:attachment":[{"href":"https:\/\/www.deporteseli.com\/index.php?rest_route=%2Fwp%2Fv2%2Fmedia&parent=42656"}],"wp:term":[{"taxonomy":"product_brand","embeddable":true,"href":"https:\/\/www.deporteseli.com\/index.php?rest_route=%2Fwp%2Fv2%2Fproduct_brand&post=42656"},{"taxonomy":"product_cat","embeddable":true,"href":"https:\/\/www.deporteseli.com\/index.php?rest_route=%2Fwp%2Fv2%2Fproduct_cat&post=42656"},{"taxonomy":"product_tag","embeddable":true,"href":"https:\/\/www.deporteseli.com\/index.php?rest_route=%2Fwp%2Fv2%2Fproduct_tag&post=42656"}],"curies":[{"name":"wp","href":"https:\/\/api.w.org\/{rel}","templated":true}]}}