{"id":42649,"date":"2026-01-27T19:46:07","date_gmt":"2026-01-27T19:46:07","guid":{"rendered":"https:\/\/www.deporteseli.com\/?product=tenis-puma-383730-11"},"modified":"2026-01-27T19:46:11","modified_gmt":"2026-01-27T19:46:11","slug":"tenis-puma-383730-11","status":"publish","type":"product","link":"https:\/\/www.deporteseli.com\/?product=tenis-puma-383730-11","title":{"rendered":"TENIS PUMA 383730-11"},"content":{"rendered":"<p>Las zapatillas Puma Cabana Racer SL 20 infantil han sido confeccionados con un dise\u00f1o cercano al suelo para fortalecer todos los m\u00fasculos con amortiguaci\u00f3n permeable tanto en la pista como en el bosque. Engalanados con una mezcla de nylon y gamuza, los Cabana Racer chocaron de frente con el auge de salir a correr.     Caracter\u00edsticas:    Empeine de malla de nylon con refuerzos de gamuza  Dos correas con cierre de velcro Plantilla Kinder-Fit extra\u00edble para mayor comodidad  Entresuela acolchada para mayor comodidad  Suela de goma con agarre  Franja caracter\u00edstica PUMA en el medio y los laterales  Detalle PUMA al costado  Logo de PUMA bordado en la leng\u00fceta, con logo de PUMA Cat en el tal\u00f3n  Referencia: PUM-383730-11                                                                                                                                                                                                                                                                                                                                                                                                                                                                                                                                                                                                                                                                                                                                                                                                                                                                                                                                                                                                                                        <\/p>\n","protected":false},"excerpt":{"rendered":"<p>TENIS PUMA 383730-11<\/p>\n","protected":false},"featured_media":56149,"template":"","meta":[],"product_brand":[],"product_cat":[392],"product_tag":[32],"class_list":{"0":"post-42649","1":"product","2":"type-product","3":"status-publish","4":"has-post-thumbnail","6":"product_cat-ninas_calzado_casual","7":"product_tag-puma","8":"pa_color-unico","9":"pa_talla-127","10":"thunk-woo-product-list","11":"opn-qv-enable","12":"open-woo-hover-","13":"open-single-product-tab-horizontal","14":"open-shadow-","15":"open-shadow-hover-","17":"first","18":"instock","19":"sale","20":"shipping-taxable","21":"purchasable","22":"product-type-variable"},"jetpack_sharing_enabled":true,"_links":{"self":[{"href":"https:\/\/www.deporteseli.com\/index.php?rest_route=\/wp\/v2\/product\/42649","targetHints":{"allow":["GET"]}}],"collection":[{"href":"https:\/\/www.deporteseli.com\/index.php?rest_route=\/wp\/v2\/product"}],"about":[{"href":"https:\/\/www.deporteseli.com\/index.php?rest_route=\/wp\/v2\/types\/product"}],"wp:featuredmedia":[{"embeddable":true,"href":"https:\/\/www.deporteseli.com\/index.php?rest_route=\/wp\/v2\/media\/56149"}],"wp:attachment":[{"href":"https:\/\/www.deporteseli.com\/index.php?rest_route=%2Fwp%2Fv2%2Fmedia&parent=42649"}],"wp:term":[{"taxonomy":"product_brand","embeddable":true,"href":"https:\/\/www.deporteseli.com\/index.php?rest_route=%2Fwp%2Fv2%2Fproduct_brand&post=42649"},{"taxonomy":"product_cat","embeddable":true,"href":"https:\/\/www.deporteseli.com\/index.php?rest_route=%2Fwp%2Fv2%2Fproduct_cat&post=42649"},{"taxonomy":"product_tag","embeddable":true,"href":"https:\/\/www.deporteseli.com\/index.php?rest_route=%2Fwp%2Fv2%2Fproduct_tag&post=42649"}],"curies":[{"name":"wp","href":"https:\/\/api.w.org\/{rel}","templated":true}]}}