{"id":42537,"date":"2026-01-27T19:43:33","date_gmt":"2026-01-27T19:43:33","guid":{"rendered":"https:\/\/www.deporteseli.com\/?product=chandal-adidas-ia3114"},"modified":"2026-03-07T05:59:20","modified_gmt":"2026-03-07T05:59:20","slug":"chandal-adidas-ia3114","status":"publish","type":"product","link":"https:\/\/www.deporteseli.com\/?product=chandal-adidas-ia3114","title":{"rendered":"CHANDAL ADIDAS IA3114"},"content":{"rendered":"<p>Descripci\u00f3n  El Ch\u00e1ndal adidas Lk Tiberio Ts Infantil es perfecto para los m\u00e1s peque\u00f1os. Con un corte cl\u00e1sico, esta prenda les brindar\u00e1 comodidad y estilo. La chamarra cuenta con cierre frontal y cuello alto, mientras que el tejido tricot 100% poli\u00e9ster reciclado garantiza su durabilidad. Adem\u00e1s, tanto la chamarra como los pants tienen bolsillos laterales y pu\u00f1os de las mangas y dobladillo ajustados. Los pants tambi\u00e9n cuentan con cintura el\u00e1stica y cord\u00f3n de ajuste. El color del producto es Tinta Leyenda \/ Blanco \/ Azul Semil\u00facido, perfecto para lucir a la moda.  No te pierdas esta incre\u00edble opci\u00f3n para los m\u00e1s peque\u00f1os!    Caracter\u00edsticas  Corte cl\u00e1sico  Chamarra: cierre frontal y cuello alto  Tejido tricot 100 % poli\u00e9ster reciclado  Chamarra y pants: bolsillos laterales  Chamarra y pants: pu\u00f1os de las mangas y dobladillo ajustados  Pants: cintura el\u00e1stica con cord\u00f3n de ajuste  Color del producto: Tinta Leyenda \/ Blanco \/ Azul Semil\u00facido                                                                                                                                                                                                                                                                                                                                                                                                                                                                                                                                                                                                                                                                                                                                                                                                                                                                                                                                                                                                                                        <\/p>\n","protected":false},"excerpt":{"rendered":"<p>CHANDAL ADIDAS IA3114<\/p>\n","protected":false},"featured_media":56098,"template":"","meta":[],"product_brand":[],"product_cat":[298],"product_tag":[18],"class_list":{"0":"post-42537","1":"product","2":"type-product","3":"status-publish","4":"has-post-thumbnail","6":"product_cat-nino_textil_chandals","7":"product_tag-adidas","8":"pa_color-unico","9":"pa_talla-t-8","10":"thunk-woo-product-list","11":"opn-qv-enable","12":"open-woo-hover-","13":"open-single-product-tab-horizontal","14":"open-shadow-","15":"open-shadow-hover-","17":"first","18":"instock","19":"shipping-taxable","20":"purchasable","21":"product-type-variable"},"jetpack_sharing_enabled":true,"_links":{"self":[{"href":"https:\/\/www.deporteseli.com\/index.php?rest_route=\/wp\/v2\/product\/42537","targetHints":{"allow":["GET"]}}],"collection":[{"href":"https:\/\/www.deporteseli.com\/index.php?rest_route=\/wp\/v2\/product"}],"about":[{"href":"https:\/\/www.deporteseli.com\/index.php?rest_route=\/wp\/v2\/types\/product"}],"wp:featuredmedia":[{"embeddable":true,"href":"https:\/\/www.deporteseli.com\/index.php?rest_route=\/wp\/v2\/media\/56098"}],"wp:attachment":[{"href":"https:\/\/www.deporteseli.com\/index.php?rest_route=%2Fwp%2Fv2%2Fmedia&parent=42537"}],"wp:term":[{"taxonomy":"product_brand","embeddable":true,"href":"https:\/\/www.deporteseli.com\/index.php?rest_route=%2Fwp%2Fv2%2Fproduct_brand&post=42537"},{"taxonomy":"product_cat","embeddable":true,"href":"https:\/\/www.deporteseli.com\/index.php?rest_route=%2Fwp%2Fv2%2Fproduct_cat&post=42537"},{"taxonomy":"product_tag","embeddable":true,"href":"https:\/\/www.deporteseli.com\/index.php?rest_route=%2Fwp%2Fv2%2Fproduct_tag&post=42537"}],"curies":[{"name":"wp","href":"https:\/\/api.w.org\/{rel}","templated":true}]}}