{"id":42491,"date":"2026-01-27T19:42:26","date_gmt":"2026-01-27T19:42:26","guid":{"rendered":"https:\/\/www.deporteseli.com\/?product=malla-reebok-100037551"},"modified":"2026-04-24T04:17:59","modified_gmt":"2026-04-24T04:17:59","slug":"malla-reebok-100037551","status":"publish","type":"product","link":"https:\/\/www.deporteseli.com\/?product=malla-reebok-100037551","title":{"rendered":"MALLA REEBOK 100037551"},"content":{"rendered":"<p>Mallas de algod\u00f3n Reebok Classics RI SL en gris 100037551  Realice su rutina de estiramientos en los d\u00edas de descanso con total comodidad. Estas mallas Reebok para mujer est\u00e1n confeccionadas con algod\u00f3n el\u00e1stico que se mueve con usted cuando se inclina y flexiona. El ajuste ce\u00f1ido al cuerpo tiene una cintura el\u00e1stica que se siente bien desde la ma\u00f1ana hasta la noche.    Caracter\u00edsticas:    Cintura el\u00e1stica  De altura media  El ajuste ajustado est\u00e1 dise\u00f1ado para ser ce\u00f1ido y seguir las curvas naturales de tu cuerpo.  Composici\u00f3n: 93% Algod\u00f3n, 7% Elastano jersey sencillo  Fabricado con al menos un 50 % de algod\u00f3n de mejor calidad procedente de cultivos de algod\u00f3n sostenibles.                                                                                                                                                                                                                                                                                                                                                                                                                                                                                                                                                                                                                                                                                                                                                                                                                                                                                                                                                                                                                                        <\/p>\n","protected":false},"excerpt":{"rendered":"<p>MALLA REEBOK 100037551<\/p>\n","protected":false},"featured_media":56061,"template":"","meta":[],"product_brand":[],"product_cat":[281],"product_tag":[41],"class_list":{"0":"post-42491","1":"product","2":"type-product","3":"status-publish","4":"has-post-thumbnail","6":"product_cat-mujer_textil_mallas","7":"product_tag-reebok","8":"pa_color-transp","9":"pa_color-unico","10":"pa_talla-169","11":"pa_talla-l","12":"pa_talla-m","13":"pa_talla-s","14":"thunk-woo-product-list","15":"opn-qv-enable","16":"open-woo-hover-","17":"open-single-product-tab-horizontal","18":"open-shadow-","19":"open-shadow-hover-","21":"first","22":"instock","23":"shipping-taxable","24":"purchasable","25":"product-type-variable"},"jetpack_sharing_enabled":true,"_links":{"self":[{"href":"https:\/\/www.deporteseli.com\/index.php?rest_route=\/wp\/v2\/product\/42491","targetHints":{"allow":["GET"]}}],"collection":[{"href":"https:\/\/www.deporteseli.com\/index.php?rest_route=\/wp\/v2\/product"}],"about":[{"href":"https:\/\/www.deporteseli.com\/index.php?rest_route=\/wp\/v2\/types\/product"}],"wp:featuredmedia":[{"embeddable":true,"href":"https:\/\/www.deporteseli.com\/index.php?rest_route=\/wp\/v2\/media\/56061"}],"wp:attachment":[{"href":"https:\/\/www.deporteseli.com\/index.php?rest_route=%2Fwp%2Fv2%2Fmedia&parent=42491"}],"wp:term":[{"taxonomy":"product_brand","embeddable":true,"href":"https:\/\/www.deporteseli.com\/index.php?rest_route=%2Fwp%2Fv2%2Fproduct_brand&post=42491"},{"taxonomy":"product_cat","embeddable":true,"href":"https:\/\/www.deporteseli.com\/index.php?rest_route=%2Fwp%2Fv2%2Fproduct_cat&post=42491"},{"taxonomy":"product_tag","embeddable":true,"href":"https:\/\/www.deporteseli.com\/index.php?rest_route=%2Fwp%2Fv2%2Fproduct_tag&post=42491"}],"curies":[{"name":"wp","href":"https:\/\/api.w.org\/{rel}","templated":true}]}}