{"id":42455,"date":"2026-01-27T19:41:37","date_gmt":"2026-01-27T19:41:37","guid":{"rendered":"https:\/\/www.deporteseli.com\/?product=gel-venture-9-3"},"modified":"2026-02-16T07:50:59","modified_gmt":"2026-02-16T07:50:59","slug":"gel-venture-9-3","status":"publish","type":"product","link":"https:\/\/www.deporteseli.com\/?product=gel-venture-9-3","title":{"rendered":"GEL-VENTURE 9"},"content":{"rendered":"<p>Descripci\u00f3n  La zapatilla GEL-VENTURE 9 se ha mejorado para garantizar una mayor amortiguaci\u00f3n. Sus materiales se han dise\u00f1ado estrat\u00e9gicamente para cambiar del entorno natural a las calles de la ciudad.?    La mediasuela se ha modificado con amortiguaci\u00f3n AMPLIFOAM y m\u00e1s altura en la suela. En combinaci\u00f3n con la tecnolog\u00eda GEL en la parte posterior del pie, estas caracter\u00edsticas crean una mayor sensaci\u00f3n de comodidad y suavidad bajo los pies.?    Adem\u00e1s, la suela incluye un dibujo en relieve de tracci\u00f3n avanzada muy pr\u00e1ctico para las superficies de carretera y caminos.                                                                                                                                                                                                                                                                                                                                                                                                                                                                                                                                                                                                                                                                                                                                                                                                                                                                                                                                                                                                                                        <\/p>\n","protected":false},"excerpt":{"rendered":"<p>GEL-VENTURE 9<\/p>\n","protected":false},"featured_media":56016,"template":"","meta":[],"product_brand":[],"product_cat":[286],"product_tag":[19],"class_list":{"0":"post-42455","1":"product","2":"type-product","3":"status-publish","4":"has-post-thumbnail","6":"product_cat-mujer_calzado_trail","7":"product_tag-asics","8":"pa_color-unico","9":"pa_talla-143","10":"pa_talla-145","11":"thunk-woo-product-list","12":"opn-qv-enable","13":"open-woo-hover-","14":"open-single-product-tab-horizontal","15":"open-shadow-","16":"open-shadow-hover-","18":"first","19":"instock","20":"sale","21":"shipping-taxable","22":"purchasable","23":"product-type-variable"},"jetpack_sharing_enabled":true,"_links":{"self":[{"href":"https:\/\/www.deporteseli.com\/index.php?rest_route=\/wp\/v2\/product\/42455","targetHints":{"allow":["GET"]}}],"collection":[{"href":"https:\/\/www.deporteseli.com\/index.php?rest_route=\/wp\/v2\/product"}],"about":[{"href":"https:\/\/www.deporteseli.com\/index.php?rest_route=\/wp\/v2\/types\/product"}],"wp:featuredmedia":[{"embeddable":true,"href":"https:\/\/www.deporteseli.com\/index.php?rest_route=\/wp\/v2\/media\/56016"}],"wp:attachment":[{"href":"https:\/\/www.deporteseli.com\/index.php?rest_route=%2Fwp%2Fv2%2Fmedia&parent=42455"}],"wp:term":[{"taxonomy":"product_brand","embeddable":true,"href":"https:\/\/www.deporteseli.com\/index.php?rest_route=%2Fwp%2Fv2%2Fproduct_brand&post=42455"},{"taxonomy":"product_cat","embeddable":true,"href":"https:\/\/www.deporteseli.com\/index.php?rest_route=%2Fwp%2Fv2%2Fproduct_cat&post=42455"},{"taxonomy":"product_tag","embeddable":true,"href":"https:\/\/www.deporteseli.com\/index.php?rest_route=%2Fwp%2Fv2%2Fproduct_tag&post=42455"}],"curies":[{"name":"wp","href":"https:\/\/api.w.org\/{rel}","templated":true}]}}