{"id":42322,"date":"2026-01-27T19:38:25","date_gmt":"2026-01-27T19:38:25","guid":{"rendered":"https:\/\/www.deporteseli.com\/?product=zapatillas-avaflash-clay"},"modified":"2026-04-08T09:27:41","modified_gmt":"2026-04-08T09:27:41","slug":"zapatillas-avaflash-clay","status":"publish","type":"product","link":"https:\/\/www.deporteseli.com\/?product=zapatillas-avaflash-clay","title":{"rendered":"ZAPATILLAS AVAFLASH CLAY"},"content":{"rendered":"<p>Entra en la cancha con confianza. Las zapatillas de tenis para mujer adidas Avaflash Clay aseguran que te mantengas r\u00e1pido en tus pies, brind\u00e1ndote el equilibrio perfecto entre estabilidad y movimientos r\u00e1pidos. La entresuela Cloudfoam agrega un ajuste c\u00f3modo bajo los pies y garantiza una amortiguaci\u00f3n duradera, mientras que la suela exterior de caucho Adiwear ofrece durabilidad y agarre para ayudarlo a tomar el control del juego.                                                                                                                                                                                                                                                                                                                                                                                                                                                                                                                                                                                                                                                                                                                                                                                                                                                                                                                                                                                                                                        <\/p>\n","protected":false},"excerpt":{"rendered":"<p>ZAPATILLAS AVAFLASH CLAY<\/p>\n","protected":false},"featured_media":55891,"template":"","meta":[],"product_brand":[],"product_cat":[371],"product_tag":[18],"class_list":{"0":"post-42322","1":"product","2":"type-product","3":"status-publish","4":"has-post-thumbnail","6":"product_cat-padel_y_tenis_calzado","7":"product_tag-adidas","8":"pa_color-unico","9":"pa_talla-36-5","10":"pa_talla-145","11":"pa_talla-39-5","12":"thunk-woo-product-list","13":"opn-qv-enable","14":"open-woo-hover-","15":"open-single-product-tab-horizontal","16":"open-shadow-","17":"open-shadow-hover-","19":"first","20":"instock","21":"sale","22":"shipping-taxable","23":"purchasable","24":"product-type-variable"},"jetpack_sharing_enabled":true,"_links":{"self":[{"href":"https:\/\/www.deporteseli.com\/index.php?rest_route=\/wp\/v2\/product\/42322","targetHints":{"allow":["GET"]}}],"collection":[{"href":"https:\/\/www.deporteseli.com\/index.php?rest_route=\/wp\/v2\/product"}],"about":[{"href":"https:\/\/www.deporteseli.com\/index.php?rest_route=\/wp\/v2\/types\/product"}],"wp:featuredmedia":[{"embeddable":true,"href":"https:\/\/www.deporteseli.com\/index.php?rest_route=\/wp\/v2\/media\/55891"}],"wp:attachment":[{"href":"https:\/\/www.deporteseli.com\/index.php?rest_route=%2Fwp%2Fv2%2Fmedia&parent=42322"}],"wp:term":[{"taxonomy":"product_brand","embeddable":true,"href":"https:\/\/www.deporteseli.com\/index.php?rest_route=%2Fwp%2Fv2%2Fproduct_brand&post=42322"},{"taxonomy":"product_cat","embeddable":true,"href":"https:\/\/www.deporteseli.com\/index.php?rest_route=%2Fwp%2Fv2%2Fproduct_cat&post=42322"},{"taxonomy":"product_tag","embeddable":true,"href":"https:\/\/www.deporteseli.com\/index.php?rest_route=%2Fwp%2Fv2%2Fproduct_tag&post=42322"}],"curies":[{"name":"wp","href":"https:\/\/api.w.org\/{rel}","templated":true}]}}