{"id":42296,"date":"2026-01-27T19:37:53","date_gmt":"2026-01-27T19:37:53","guid":{"rendered":"https:\/\/www.deporteseli.com\/?product=cinta-para-el-pelo-tennis"},"modified":"2026-02-28T05:18:58","modified_gmt":"2026-02-28T05:18:58","slug":"cinta-para-el-pelo-tennis","status":"publish","type":"product","link":"https:\/\/www.deporteseli.com\/?product=cinta-para-el-pelo-tennis","title":{"rendered":"CINTA PARA EL PELO TENNIS"},"content":{"rendered":"<p>DOMINA CADA SET  Fija la mirada en la pelota. Ponte esta cinta de tenis para el pelo y olv\u00eddate de las distracciones. Se ha confeccionado en un tejido suave y el\u00e1stico que te ofrece una total comodidad en la pista.    Este producto se ha fabricado con diferentes materiales t\u00e9cnicos y contiene al menos un 40% de material reciclado. Su objetivo es plantear otra soluci\u00f3n m\u00e1s que ayude a eliminar los residuos pl\u00e1sticos.  Talla \u00fanica  74% poli\u00e9ster reciclado \/ 23% algod\u00f3n \/ 3% elast\u00e1n  Color del art\u00edculo: Black \/ White  N\u00famero de art\u00edculo: HT3909                                                                                                                                                                                                                                                                                                                                                                                                                                                                                                                                                                                                                                                                                                                                                                                                                                                                                                                                                                                                                                        <\/p>\n","protected":false},"excerpt":{"rendered":"<p>CINTA PARA EL PELO TENNIS<\/p>\n","protected":false},"featured_media":55860,"template":"","meta":[],"product_brand":[],"product_cat":[242],"product_tag":[18],"class_list":{"0":"post-42296","1":"product","2":"type-product","3":"status-publish","4":"has-post-thumbnail","6":"product_cat-unisex_accesorios","7":"product_tag-adidas","8":"pa_color-negro","9":"pa_color-unico","10":"pa_talla-m","11":"pa_talla-s","12":"pa_talla-unica","13":"thunk-woo-product-list","14":"opn-qv-enable","15":"open-woo-hover-","16":"open-single-product-tab-horizontal","17":"open-shadow-","18":"open-shadow-hover-","20":"first","21":"instock","22":"shipping-taxable","23":"purchasable","24":"product-type-variable"},"jetpack_sharing_enabled":true,"_links":{"self":[{"href":"https:\/\/www.deporteseli.com\/index.php?rest_route=\/wp\/v2\/product\/42296","targetHints":{"allow":["GET"]}}],"collection":[{"href":"https:\/\/www.deporteseli.com\/index.php?rest_route=\/wp\/v2\/product"}],"about":[{"href":"https:\/\/www.deporteseli.com\/index.php?rest_route=\/wp\/v2\/types\/product"}],"wp:featuredmedia":[{"embeddable":true,"href":"https:\/\/www.deporteseli.com\/index.php?rest_route=\/wp\/v2\/media\/55860"}],"wp:attachment":[{"href":"https:\/\/www.deporteseli.com\/index.php?rest_route=%2Fwp%2Fv2%2Fmedia&parent=42296"}],"wp:term":[{"taxonomy":"product_brand","embeddable":true,"href":"https:\/\/www.deporteseli.com\/index.php?rest_route=%2Fwp%2Fv2%2Fproduct_brand&post=42296"},{"taxonomy":"product_cat","embeddable":true,"href":"https:\/\/www.deporteseli.com\/index.php?rest_route=%2Fwp%2Fv2%2Fproduct_cat&post=42296"},{"taxonomy":"product_tag","embeddable":true,"href":"https:\/\/www.deporteseli.com\/index.php?rest_route=%2Fwp%2Fv2%2Fproduct_tag&post=42296"}],"curies":[{"name":"wp","href":"https:\/\/api.w.org\/{rel}","templated":true}]}}