{"id":42286,"date":"2026-01-27T19:37:39","date_gmt":"2026-01-27T19:37:39","guid":{"rendered":"https:\/\/www.deporteseli.com\/?product=espinilleras-tiro-league-2"},"modified":"2026-01-27T19:37:41","modified_gmt":"2026-01-27T19:37:41","slug":"espinilleras-tiro-league-2","status":"publish","type":"product","link":"https:\/\/www.deporteseli.com\/?product=espinilleras-tiro-league-2","title":{"rendered":"ESPINILLERAS TIRO LEAGUE"},"content":{"rendered":"<p>PROTECCI\u00d3N CONTRA LAS ENTRADAS M\u00c1S DURAS  Un nombre que es sin\u00f3nimo de confianza en el terreno de juego. Estas espinilleras Tiro League de adidas se han dise\u00f1ado para futbolistas audaces que no se detienen ante nada ni ante nadie. Incorporan unas placas protectoras flexibles con medias de compresi\u00f3n que ofrecen una gran sujeci\u00f3n. El refuerzo interior de EVA perforada absorbe los impactos y potencia tu propia confianza.  Exterior: copol\u00edmero en bloque 100% estireno-butadieno moldeado por inyecci\u00f3n  Placa protectora asim\u00e9trica  Refuerzo de espuma de EVA perforada  Incluyen unas medias de compresi\u00f3n  Color del art\u00edculo: Solar Red \/ Lucid Blue \/ White  N\u00famero de art\u00edculo: IW3789                                                                                                                                                                                                                                                                                                                                                                                                                                                                                                                                                                                                                                                                                                                                                                                                                                                                                                                                                                                                                                        <\/p>\n","protected":false},"excerpt":{"rendered":"<p>ESPINILLERAS TIRO LEAGUE<\/p>\n","protected":false},"featured_media":55848,"template":"","meta":[],"product_brand":[],"product_cat":[324],"product_tag":[18],"class_list":{"0":"post-42286","1":"product","2":"type-product","3":"status-publish","4":"has-post-thumbnail","6":"product_cat-deportes_futbol_canilleras","7":"product_tag-adidas","8":"pa_color-unico","9":"pa_talla-xl","10":"thunk-woo-product-list","11":"opn-qv-enable","12":"open-woo-hover-","13":"open-single-product-tab-horizontal","14":"open-shadow-","15":"open-shadow-hover-","17":"first","18":"instock","19":"shipping-taxable","20":"purchasable","21":"product-type-variable"},"jetpack_sharing_enabled":true,"_links":{"self":[{"href":"https:\/\/www.deporteseli.com\/index.php?rest_route=\/wp\/v2\/product\/42286","targetHints":{"allow":["GET"]}}],"collection":[{"href":"https:\/\/www.deporteseli.com\/index.php?rest_route=\/wp\/v2\/product"}],"about":[{"href":"https:\/\/www.deporteseli.com\/index.php?rest_route=\/wp\/v2\/types\/product"}],"wp:featuredmedia":[{"embeddable":true,"href":"https:\/\/www.deporteseli.com\/index.php?rest_route=\/wp\/v2\/media\/55848"}],"wp:attachment":[{"href":"https:\/\/www.deporteseli.com\/index.php?rest_route=%2Fwp%2Fv2%2Fmedia&parent=42286"}],"wp:term":[{"taxonomy":"product_brand","embeddable":true,"href":"https:\/\/www.deporteseli.com\/index.php?rest_route=%2Fwp%2Fv2%2Fproduct_brand&post=42286"},{"taxonomy":"product_cat","embeddable":true,"href":"https:\/\/www.deporteseli.com\/index.php?rest_route=%2Fwp%2Fv2%2Fproduct_cat&post=42286"},{"taxonomy":"product_tag","embeddable":true,"href":"https:\/\/www.deporteseli.com\/index.php?rest_route=%2Fwp%2Fv2%2Fproduct_tag&post=42286"}],"curies":[{"name":"wp","href":"https:\/\/api.w.org\/{rel}","templated":true}]}}