{"id":42267,"date":"2026-01-27T19:37:16","date_gmt":"2026-01-27T19:37:16","guid":{"rendered":"https:\/\/www.deporteseli.com\/?product=calcetines-clasicos-adidas-farm-rio"},"modified":"2026-01-27T19:37:19","modified_gmt":"2026-01-27T19:37:19","slug":"calcetines-clasicos-adidas-farm-rio","status":"publish","type":"product","link":"https:\/\/www.deporteseli.com\/?product=calcetines-clasicos-adidas-farm-rio","title":{"rendered":"CALCETINES CL\u00e1SICOS ADIDAS FARM RIO"},"content":{"rendered":"<p>UN ESTALLIDO DE ALEGR\u00cdA  Entrena o rel\u00e1jate con estos calcetines adidas que aportan confort y versatilidad a tu d\u00eda a d\u00eda. Dise\u00f1ados en colaboraci\u00f3n con la firma de moda brasile\u00f1a FARM Rio, destacan por su look atrevido y lleno de color. Combina su largo cl\u00e1sico con zapatillas, chanclas o mocasines. Nada se les resiste.    Al elegir materiales reciclados, podemos dar nueva vida a materiales que ya se han utilizado, lo que contribuye a reducir los residuos. La utilizaci\u00f3n de materiales renovables nos ayuda a acabar con nuestra dependencia de los recursos finitos. Nuestros productos fabricados con materiales reciclados y renovables contienen al menos un 50% de estos materiales.  Largo cl\u00e1sico  Punto 100% nailon  Tres pares por paquete  Contienen al menos un 50% de material reciclado y renovable  Color del art\u00edculo: Multicolor \/ Cream White \/ Night Indigo  N\u00famero de art\u00edculo: IX5051                                                                                                                                                                                                                                                                                                                                                                                                                                                                                                                                                                                                                                                                                                                                                                                                                                                                                                                                                                                                                                        <\/p>\n","protected":false},"excerpt":{"rendered":"<p>CALCETINES CL\u00e1SICOS ADIDAS FARM RIO<\/p>\n","protected":false},"featured_media":55835,"template":"","meta":[],"product_brand":[],"product_cat":[400],"product_tag":[18],"class_list":{"0":"post-42267","1":"product","2":"type-product","3":"status-publish","4":"has-post-thumbnail","6":"product_cat-accesorios_calcetines","7":"product_tag-adidas","8":"pa_color-unico","9":"pa_talla-39-42","10":"pa_talla-43-46","11":"thunk-woo-product-list","12":"opn-qv-enable","13":"open-woo-hover-","14":"open-single-product-tab-horizontal","15":"open-shadow-","16":"open-shadow-hover-","18":"first","19":"instock","20":"shipping-taxable","21":"purchasable","22":"product-type-variable"},"jetpack_sharing_enabled":true,"_links":{"self":[{"href":"https:\/\/www.deporteseli.com\/index.php?rest_route=\/wp\/v2\/product\/42267","targetHints":{"allow":["GET"]}}],"collection":[{"href":"https:\/\/www.deporteseli.com\/index.php?rest_route=\/wp\/v2\/product"}],"about":[{"href":"https:\/\/www.deporteseli.com\/index.php?rest_route=\/wp\/v2\/types\/product"}],"wp:featuredmedia":[{"embeddable":true,"href":"https:\/\/www.deporteseli.com\/index.php?rest_route=\/wp\/v2\/media\/55835"}],"wp:attachment":[{"href":"https:\/\/www.deporteseli.com\/index.php?rest_route=%2Fwp%2Fv2%2Fmedia&parent=42267"}],"wp:term":[{"taxonomy":"product_brand","embeddable":true,"href":"https:\/\/www.deporteseli.com\/index.php?rest_route=%2Fwp%2Fv2%2Fproduct_brand&post=42267"},{"taxonomy":"product_cat","embeddable":true,"href":"https:\/\/www.deporteseli.com\/index.php?rest_route=%2Fwp%2Fv2%2Fproduct_cat&post=42267"},{"taxonomy":"product_tag","embeddable":true,"href":"https:\/\/www.deporteseli.com\/index.php?rest_route=%2Fwp%2Fv2%2Fproduct_tag&post=42267"}],"curies":[{"name":"wp","href":"https:\/\/api.w.org\/{rel}","templated":true}]}}