{"id":42204,"date":"2026-01-27T19:35:55","date_gmt":"2026-01-27T19:35:55","guid":{"rendered":"https:\/\/www.deporteseli.com\/?product=puma-mallas-essentials-logo"},"modified":"2026-03-11T05:18:05","modified_gmt":"2026-03-11T05:18:05","slug":"puma-mallas-essentials-logo","status":"publish","type":"product","link":"https:\/\/www.deporteseli.com\/?product=puma-mallas-essentials-logo","title":{"rendered":"PUMA MALLAS ESSENTIALS LOGO"},"content":{"rendered":"<p>Las Puma Mallas Essentials Logo para Ni\u00f1a ofrecen comodidad y estilo en una prenda vers\u00e1til, ideal para actividades deportivas o el d\u00eda a d\u00eda. Confeccionadas en un tejido suave y el\u00e1stico, estas mallas se ajustan perfectamente, permitiendo libertad de movimiento y un look moderno con el ic\u00f3nico logo de Puma en la pierna. Perfectas para combinar con cualquier atuendo casual o deportivo.                                                                                                                                                                                                                                                                                                                                                                                                                                                                                                                                                                                                                                                                                                                                                                                                                                                                                                                                                                                                                                        <\/p>\n","protected":false},"excerpt":{"rendered":"<p>PUMA MALLAS ESSENTIALS LOGO<\/p>\n","protected":false},"featured_media":55763,"template":"","meta":[],"product_brand":[],"product_cat":[386],"product_tag":[32],"class_list":{"0":"post-42204","1":"product","2":"type-product","3":"status-publish","4":"has-post-thumbnail","6":"product_cat-ninas_textil_mallas","7":"product_tag-puma","8":"pa_color-negro","9":"pa_talla-t-12","10":"pa_talla-t-14","11":"thunk-woo-product-list","12":"opn-qv-enable","13":"open-woo-hover-","14":"open-single-product-tab-horizontal","15":"open-shadow-","16":"open-shadow-hover-","18":"first","19":"instock","20":"shipping-taxable","21":"purchasable","22":"product-type-variable"},"jetpack_sharing_enabled":true,"_links":{"self":[{"href":"https:\/\/www.deporteseli.com\/index.php?rest_route=\/wp\/v2\/product\/42204","targetHints":{"allow":["GET"]}}],"collection":[{"href":"https:\/\/www.deporteseli.com\/index.php?rest_route=\/wp\/v2\/product"}],"about":[{"href":"https:\/\/www.deporteseli.com\/index.php?rest_route=\/wp\/v2\/types\/product"}],"wp:featuredmedia":[{"embeddable":true,"href":"https:\/\/www.deporteseli.com\/index.php?rest_route=\/wp\/v2\/media\/55763"}],"wp:attachment":[{"href":"https:\/\/www.deporteseli.com\/index.php?rest_route=%2Fwp%2Fv2%2Fmedia&parent=42204"}],"wp:term":[{"taxonomy":"product_brand","embeddable":true,"href":"https:\/\/www.deporteseli.com\/index.php?rest_route=%2Fwp%2Fv2%2Fproduct_brand&post=42204"},{"taxonomy":"product_cat","embeddable":true,"href":"https:\/\/www.deporteseli.com\/index.php?rest_route=%2Fwp%2Fv2%2Fproduct_cat&post=42204"},{"taxonomy":"product_tag","embeddable":true,"href":"https:\/\/www.deporteseli.com\/index.php?rest_route=%2Fwp%2Fv2%2Fproduct_tag&post=42204"}],"curies":[{"name":"wp","href":"https:\/\/api.w.org\/{rel}","templated":true}]}}