{"id":42178,"date":"2026-01-27T19:35:22","date_gmt":"2026-01-27T19:35:22","guid":{"rendered":"https:\/\/www.deporteseli.com\/?product=tenis-reebok-100039101"},"modified":"2026-01-27T19:35:25","modified_gmt":"2026-01-27T19:35:25","slug":"tenis-reebok-100039101","status":"publish","type":"product","link":"https:\/\/www.deporteseli.com\/?product=tenis-reebok-100039101","title":{"rendered":"TENIS REEBOK 100039101"},"content":{"rendered":"<p>Descripci\u00f3n  Zapatillas ni\u00f1os Reebok Royal Prime 2  Un estilo moderno con la m\u00e1xima potencia. Este modelo de ni\u00f1o es todo minimalismo con su parte superior monocrom\u00e1tica. Est\u00e1 disponible en blanco o negro. Gracias a la suela de goma ultrarresistente, su hijo podr\u00e1 jugar a los juegos m\u00e1s bulliciosos sin riesgo de sufrir da\u00f1os.    Parte superior sint\u00e9tica.                                                                                                                                                                                                                                                                                                                                                                                                                                                                                                                                                                                                                                                                                                                                                                                                                                                                                                                                                                                                                                        <\/p>\n","protected":false},"excerpt":{"rendered":"<p>TENIS REEBOK 100039101<\/p>\n","protected":false},"featured_media":55734,"template":"","meta":[],"product_brand":[],"product_cat":[310],"product_tag":[41],"class_list":{"0":"post-42178","1":"product","2":"type-product","3":"status-publish","4":"has-post-thumbnail","6":"product_cat-nino_calzado_casual","7":"product_tag-reebok","8":"pa_color-unico","9":"pa_talla-38-5","10":"pa_talla-147","11":"thunk-woo-product-list","12":"opn-qv-enable","13":"open-woo-hover-","14":"open-single-product-tab-horizontal","15":"open-shadow-","16":"open-shadow-hover-","18":"first","19":"instock","20":"sale","21":"shipping-taxable","22":"purchasable","23":"product-type-variable"},"jetpack_sharing_enabled":true,"_links":{"self":[{"href":"https:\/\/www.deporteseli.com\/index.php?rest_route=\/wp\/v2\/product\/42178","targetHints":{"allow":["GET"]}}],"collection":[{"href":"https:\/\/www.deporteseli.com\/index.php?rest_route=\/wp\/v2\/product"}],"about":[{"href":"https:\/\/www.deporteseli.com\/index.php?rest_route=\/wp\/v2\/types\/product"}],"wp:featuredmedia":[{"embeddable":true,"href":"https:\/\/www.deporteseli.com\/index.php?rest_route=\/wp\/v2\/media\/55734"}],"wp:attachment":[{"href":"https:\/\/www.deporteseli.com\/index.php?rest_route=%2Fwp%2Fv2%2Fmedia&parent=42178"}],"wp:term":[{"taxonomy":"product_brand","embeddable":true,"href":"https:\/\/www.deporteseli.com\/index.php?rest_route=%2Fwp%2Fv2%2Fproduct_brand&post=42178"},{"taxonomy":"product_cat","embeddable":true,"href":"https:\/\/www.deporteseli.com\/index.php?rest_route=%2Fwp%2Fv2%2Fproduct_cat&post=42178"},{"taxonomy":"product_tag","embeddable":true,"href":"https:\/\/www.deporteseli.com\/index.php?rest_route=%2Fwp%2Fv2%2Fproduct_tag&post=42178"}],"curies":[{"name":"wp","href":"https:\/\/api.w.org\/{rel}","templated":true}]}}