{"id":42153,"date":"2026-01-27T19:34:50","date_gmt":"2026-01-27T19:34:50","guid":{"rendered":"https:\/\/www.deporteseli.com\/?product=plantilla-footgel-outdoor"},"modified":"2026-03-10T05:21:49","modified_gmt":"2026-03-10T05:21:49","slug":"plantilla-footgel-outdoor","status":"publish","type":"product","link":"https:\/\/www.deporteseli.com\/?product=plantilla-footgel-outdoor","title":{"rendered":"PLANTILLA FOOTGEL OUTDOOR"},"content":{"rendered":"<p>Descripci\u00f3n Footgel Plantillas para exteriores  Plantilla con certificaci\u00f3n sanitaria de grado 1 desarrollada para prevenir y aliviar el dolor en pies (metatarso y tal\u00f3n), rodillas y lumbares con un nivel de amortiguaci\u00f3n del 32,5% (Calificaci\u00f3n de 10 sobre 10 otorgada por el instituto biomec\u00e1nico Umana\u00ae). Indicadas para todo tipo de excursionistas que quieran caminar largas distancias, ayud\u00e1ndoles a aliviar y prevenir el dolor en pies, rodillas y lumbares.    &#8211; Fabricadas en Espa\u00f1a, con Certificaci\u00f3n VEGANA y Certificaci\u00f3n EUROPEA DE PRODUCTO SANITARIO como garant\u00eda de m\u00e1xima calidad.  &#8211; Da igual la dificultad, la distancia o las piedras del terreno, estas plantillas te responden al 101%.  &#8211; En todo momento est\u00e1n protegiendo tus articulaciones y aliviando el dolor en pies, rodillas y lumbares, por lo que podr\u00e1s aumentar el nivel de tus caminatas gracias a su triple capa \u00fanica y exclusiva (Tejido   espuma de  gran densidad   Termocrep Gel\u00ae de m\u00e1xima amortiguaci\u00f3n). En resumen, las propiedades t\u00e9cnicas de 2 plantillas en una sola.  &#8211; Disminuye olores incluso en verano gracias a su espuma y tejido de microfibra 100% antibacteriano y con capacidad de absorci\u00f3n de 8 veces su peso en agua.  &#8211; Aroma a eucalipto y lavables a m\u00e1quina.  &#8211; Su dise\u00f1o es ideal para usarlas en tu calzado de monta\u00f1a.  &#8211; Las puedes usar intensivamente desde 9 a 14 meses.  &#8211; Testadas por el Instituto de an\u00e1lisis Biomec\u00e1nico Umana\u00ae y Biomec\u00e1nica de Valencia.                                                                                                                                                                                                                                                                                                                                                                                                                                                                                                                                                                                                                                                                                                                                                                                                                                                                                                                                                                                                                                        <\/p>\n","protected":false},"excerpt":{"rendered":"<p>PLANTILLA FOOTGEL OUTDOOR<\/p>\n","protected":false},"featured_media":55699,"template":"","meta":[],"product_brand":[],"product_cat":[403],"product_tag":[74],"class_list":{"0":"post-42153","1":"product","2":"type-product","3":"status-publish","4":"has-post-thumbnail","6":"product_cat-accesorios_plantillas","7":"product_tag-footgel","8":"pa_color-unico","9":"pa_talla-145","10":"pa_talla-153","11":"pa_talla-159","12":"thunk-woo-product-list","13":"opn-qv-enable","14":"open-woo-hover-","15":"open-single-product-tab-horizontal","16":"open-shadow-","17":"open-shadow-hover-","19":"first","20":"instock","21":"shipping-taxable","22":"purchasable","23":"product-type-variable"},"jetpack_sharing_enabled":true,"_links":{"self":[{"href":"https:\/\/www.deporteseli.com\/index.php?rest_route=\/wp\/v2\/product\/42153","targetHints":{"allow":["GET"]}}],"collection":[{"href":"https:\/\/www.deporteseli.com\/index.php?rest_route=\/wp\/v2\/product"}],"about":[{"href":"https:\/\/www.deporteseli.com\/index.php?rest_route=\/wp\/v2\/types\/product"}],"wp:featuredmedia":[{"embeddable":true,"href":"https:\/\/www.deporteseli.com\/index.php?rest_route=\/wp\/v2\/media\/55699"}],"wp:attachment":[{"href":"https:\/\/www.deporteseli.com\/index.php?rest_route=%2Fwp%2Fv2%2Fmedia&parent=42153"}],"wp:term":[{"taxonomy":"product_brand","embeddable":true,"href":"https:\/\/www.deporteseli.com\/index.php?rest_route=%2Fwp%2Fv2%2Fproduct_brand&post=42153"},{"taxonomy":"product_cat","embeddable":true,"href":"https:\/\/www.deporteseli.com\/index.php?rest_route=%2Fwp%2Fv2%2Fproduct_cat&post=42153"},{"taxonomy":"product_tag","embeddable":true,"href":"https:\/\/www.deporteseli.com\/index.php?rest_route=%2Fwp%2Fv2%2Fproduct_tag&post=42153"}],"curies":[{"name":"wp","href":"https:\/\/api.w.org\/{rel}","templated":true}]}}