{"id":42124,"date":"2026-01-27T19:33:54","date_gmt":"2026-01-27T19:33:54","guid":{"rendered":"https:\/\/www.deporteseli.com\/?product=balon-puma-090331-sala"},"modified":"2026-01-27T19:33:59","modified_gmt":"2026-01-27T19:33:59","slug":"balon-puma-090331-sala","status":"publish","type":"product","link":"https:\/\/www.deporteseli.com\/?product=balon-puma-090331-sala","title":{"rendered":"BALON PUMA 090331 SALA"},"content":{"rendered":"<p>Descripci\u00f3n  El Bal\u00f3n de F\u00fatbol Puma Futsal 3 Ms es ideal para jugar en interiores. Cosido a m\u00e1quina con 32 paneles de igual superficie para un rebote bajo y control \u00f3ptimo. Con detalles de la marca PUMA en colores llamativos como amarillo, negro y rojo. Perfecto para tu pr\u00f3ximo partido de futsal.  Compra el tuyo hoy!    Caracter\u00edsticas  Hecho para jugar en interiores  Cosido a m\u00e1quina  32 paneles con igual superficie  Bajo rebote: vejiga llena para un control \u00f3ptimo  Detalles de la marca PUMA                                                                                                                                                                                                                                                                                                                                                                                                                                                                                                                                                                                                                                                                                                                                                                                                                                                                                                                                                                                                                                        <\/p>\n","protected":false},"excerpt":{"rendered":"<p>BALON PUMA 090331 SALA<\/p>\n","protected":false},"featured_media":55678,"template":"","meta":[],"product_brand":[],"product_cat":[347],"product_tag":[32],"class_list":{"0":"post-42124","1":"product","2":"type-product","3":"status-publish","4":"has-post-thumbnail","6":"product_cat-deportes_balones","7":"product_tag-puma","8":"pa_color-verde","9":"pa_talla-168","10":"thunk-woo-product-list","11":"opn-qv-enable","12":"open-woo-hover-","13":"open-single-product-tab-horizontal","14":"open-shadow-","15":"open-shadow-hover-","17":"first","18":"instock","19":"shipping-taxable","20":"purchasable","21":"product-type-variable"},"jetpack_sharing_enabled":true,"_links":{"self":[{"href":"https:\/\/www.deporteseli.com\/index.php?rest_route=\/wp\/v2\/product\/42124","targetHints":{"allow":["GET"]}}],"collection":[{"href":"https:\/\/www.deporteseli.com\/index.php?rest_route=\/wp\/v2\/product"}],"about":[{"href":"https:\/\/www.deporteseli.com\/index.php?rest_route=\/wp\/v2\/types\/product"}],"wp:featuredmedia":[{"embeddable":true,"href":"https:\/\/www.deporteseli.com\/index.php?rest_route=\/wp\/v2\/media\/55678"}],"wp:attachment":[{"href":"https:\/\/www.deporteseli.com\/index.php?rest_route=%2Fwp%2Fv2%2Fmedia&parent=42124"}],"wp:term":[{"taxonomy":"product_brand","embeddable":true,"href":"https:\/\/www.deporteseli.com\/index.php?rest_route=%2Fwp%2Fv2%2Fproduct_brand&post=42124"},{"taxonomy":"product_cat","embeddable":true,"href":"https:\/\/www.deporteseli.com\/index.php?rest_route=%2Fwp%2Fv2%2Fproduct_cat&post=42124"},{"taxonomy":"product_tag","embeddable":true,"href":"https:\/\/www.deporteseli.com\/index.php?rest_route=%2Fwp%2Fv2%2Fproduct_tag&post=42124"}],"curies":[{"name":"wp","href":"https:\/\/api.w.org\/{rel}","templated":true}]}}