{"id":42081,"date":"2026-01-27T19:32:33","date_gmt":"2026-01-27T19:32:33","guid":{"rendered":"https:\/\/www.deporteseli.com\/?product=sudadera-puma-524035"},"modified":"2026-03-07T05:56:47","modified_gmt":"2026-03-07T05:56:47","slug":"sudadera-puma-524035","status":"publish","type":"product","link":"https:\/\/www.deporteseli.com\/?product=sudadera-puma-524035","title":{"rendered":"SUDADERA PUMA 524035"},"content":{"rendered":"<p>HISTORIA DEL PRODUCTO  Descubre tu nueva chaqueta de running de referencia. Nuestra chaqueta de running Favourite Velocity estampada tiene todo lo que necesitas para recorrer el asfalto c\u00f3modamente: tecnolog\u00eda dryCELL para mantenerte fresca, elementos de dise\u00f1o reflectantes y un protector de cremallera.      CARACTER\u00cdSTICAS   BENEFICIOS  dryCELL: tecnolog\u00eda de alto rendimiento dise\u00f1ada para absorber la humedad del cuerpo y evitar el sudor durante el ejercicio  DETALLES  Corte est\u00e1ndar  Elementos de dise\u00f1o reflectantes  Con capucha  Cierre de cremallera completa con solapa  2 bolsillos con cremallera en las costuras laterales  Logotipo PUMA Cat en la parte izquierda del pecho  Composici\u00f3n  Exterior: 100% Poli\u00e9ster  Forro Del Bolsillo: 100% Poli\u00e9ster                                                                                                                                                                                                                                                                                                                                                                                                                                                                                                                                                                                                                                                                                                                                                                                                                                                                                                                                                                                                                                        <\/p>\n","protected":false},"excerpt":{"rendered":"<p>SUDADERA PUMA 524035<\/p>\n","protected":false},"featured_media":55644,"template":"","meta":[],"product_brand":[],"product_cat":[283],"product_tag":[32],"class_list":{"0":"post-42081","1":"product","2":"type-product","3":"status-publish","4":"has-post-thumbnail","6":"product_cat-mujer_textil_cortavientos","7":"product_tag-puma","8":"pa_color-unico","9":"pa_talla-m","10":"thunk-woo-product-list","11":"opn-qv-enable","12":"open-woo-hover-","13":"open-single-product-tab-horizontal","14":"open-shadow-","15":"open-shadow-hover-","17":"first","18":"instock","19":"shipping-taxable","20":"purchasable","21":"product-type-variable"},"jetpack_sharing_enabled":true,"_links":{"self":[{"href":"https:\/\/www.deporteseli.com\/index.php?rest_route=\/wp\/v2\/product\/42081","targetHints":{"allow":["GET"]}}],"collection":[{"href":"https:\/\/www.deporteseli.com\/index.php?rest_route=\/wp\/v2\/product"}],"about":[{"href":"https:\/\/www.deporteseli.com\/index.php?rest_route=\/wp\/v2\/types\/product"}],"wp:featuredmedia":[{"embeddable":true,"href":"https:\/\/www.deporteseli.com\/index.php?rest_route=\/wp\/v2\/media\/55644"}],"wp:attachment":[{"href":"https:\/\/www.deporteseli.com\/index.php?rest_route=%2Fwp%2Fv2%2Fmedia&parent=42081"}],"wp:term":[{"taxonomy":"product_brand","embeddable":true,"href":"https:\/\/www.deporteseli.com\/index.php?rest_route=%2Fwp%2Fv2%2Fproduct_brand&post=42081"},{"taxonomy":"product_cat","embeddable":true,"href":"https:\/\/www.deporteseli.com\/index.php?rest_route=%2Fwp%2Fv2%2Fproduct_cat&post=42081"},{"taxonomy":"product_tag","embeddable":true,"href":"https:\/\/www.deporteseli.com\/index.php?rest_route=%2Fwp%2Fv2%2Fproduct_tag&post=42081"}],"curies":[{"name":"wp","href":"https:\/\/api.w.org\/{rel}","templated":true}]}}