{"id":42075,"date":"2026-01-27T19:32:23","date_gmt":"2026-01-27T19:32:23","guid":{"rendered":"https:\/\/www.deporteseli.com\/?product=espinilleras-tiro-league"},"modified":"2026-04-18T04:18:11","modified_gmt":"2026-04-18T04:18:11","slug":"espinilleras-tiro-league","status":"publish","type":"product","link":"https:\/\/www.deporteseli.com\/?product=espinilleras-tiro-league","title":{"rendered":"ESPINILLERAS TIRO LEAGUE"},"content":{"rendered":"<p>COMPITE AL M\u00c1XIMO NIVEL  Despliega tus mejores jugadas. Estas espinilleras Tiro League de adidas se han dise\u00f1ado para futbolistas audaces que no se detienen ante nada ni ante nadie. Presentan una placa protectora flexible e incluyen unas medias de compresi\u00f3n que te garantizan un ajuste c\u00f3modo y seguro. El refuerzo interior de EVA moldeada absorbe los impactos mientras demuestras qui\u00e9n manda en el campo.  Exterior: 100% resina moldeada por inyecci\u00f3n  Refuerzo interior de EVA moldeada  Placa protectora flexible  Incluyen unas medias de compresi\u00f3n  Color del art\u00edculo: White \/ Black \/ Silver Metallic  N\u00famero de art\u00edculo: IQ4040                                                                                                                                                                                                                                                                                                                                                                                                                                                                                                                                                                                                                                                                                                                                                                                                                                                                                                                                                                                                                                        <\/p>\n","protected":false},"excerpt":{"rendered":"<p>ESPINILLERAS TIRO LEAGUE<\/p>\n","protected":false},"featured_media":73220,"template":"","meta":[],"product_brand":[],"product_cat":[324],"product_tag":[18],"class_list":{"0":"post-42075","1":"product","2":"type-product","3":"status-publish","4":"has-post-thumbnail","6":"product_cat-deportes_futbol_canilleras","7":"product_tag-adidas","8":"pa_color-unico","9":"pa_talla-l","10":"pa_talla-m","11":"pa_talla-s","12":"pa_talla-xl","13":"thunk-woo-product-list","14":"opn-qv-enable","15":"open-woo-hover-","16":"open-single-product-tab-horizontal","17":"open-shadow-","18":"open-shadow-hover-","20":"first","21":"instock","22":"shipping-taxable","23":"purchasable","24":"product-type-variable"},"jetpack_sharing_enabled":true,"_links":{"self":[{"href":"https:\/\/www.deporteseli.com\/index.php?rest_route=\/wp\/v2\/product\/42075","targetHints":{"allow":["GET"]}}],"collection":[{"href":"https:\/\/www.deporteseli.com\/index.php?rest_route=\/wp\/v2\/product"}],"about":[{"href":"https:\/\/www.deporteseli.com\/index.php?rest_route=\/wp\/v2\/types\/product"}],"wp:featuredmedia":[{"embeddable":true,"href":"https:\/\/www.deporteseli.com\/index.php?rest_route=\/wp\/v2\/media\/73220"}],"wp:attachment":[{"href":"https:\/\/www.deporteseli.com\/index.php?rest_route=%2Fwp%2Fv2%2Fmedia&parent=42075"}],"wp:term":[{"taxonomy":"product_brand","embeddable":true,"href":"https:\/\/www.deporteseli.com\/index.php?rest_route=%2Fwp%2Fv2%2Fproduct_brand&post=42075"},{"taxonomy":"product_cat","embeddable":true,"href":"https:\/\/www.deporteseli.com\/index.php?rest_route=%2Fwp%2Fv2%2Fproduct_cat&post=42075"},{"taxonomy":"product_tag","embeddable":true,"href":"https:\/\/www.deporteseli.com\/index.php?rest_route=%2Fwp%2Fv2%2Fproduct_tag&post=42075"}],"curies":[{"name":"wp","href":"https:\/\/api.w.org\/{rel}","templated":true}]}}