{"id":42033,"date":"2026-01-27T19:31:26","date_gmt":"2026-01-27T19:31:26","guid":{"rendered":"https:\/\/www.deporteseli.com\/?product=botas-de-futbol-adidas-%c2%b7-f50-league"},"modified":"2026-01-27T19:31:28","modified_gmt":"2026-01-27T19:31:28","slug":"botas-de-futbol-adidas-%c2%b7-f50-league","status":"publish","type":"product","link":"https:\/\/www.deporteseli.com\/?product=botas-de-futbol-adidas-%c2%b7-f50-league","title":{"rendered":"BOTAS DE F\u00faTBOL ADIDAS \u00b7 F50 LEAGUE"},"content":{"rendered":"<p>Estas botas adidas F50 est\u00e1n dise\u00f1adas para desbloquear todo tu potencial de velocidad, desde la aceleraci\u00f3n hasta el movimiento y la rapidez. Los zapatos te mantienen fresco con una leng\u00fceta perforada y lucen el estampado Sprintgrid en el antepi\u00e9. En la parte inferior, la suela exterior especializada est\u00e1 dise\u00f1ada para progresar en varios tipos de superficies. Ajuste normal. Cierre con cordones. Forro textil. Construido en parte con materiales reciclados.  Zapatillas de f\u00fatbol ligeras y r\u00e1pidas.  Parte superior de piel de fibra  lengua perforada                                                                                                                                                                                                                                                                                                                                                                                                                                                                                                                                                                                                                                                                                                                                                                                                                                                                                                                                                                                                                                        <\/p>\n","protected":false},"excerpt":{"rendered":"<p>BOTAS DE F\u00faTBOL ADIDAS \u00b7 F50 LEAGUE<\/p>\n","protected":false},"featured_media":55593,"template":"","meta":[],"product_brand":[],"product_cat":[318],"product_tag":[18],"class_list":{"0":"post-42033","1":"product","2":"type-product","3":"status-publish","4":"has-post-thumbnail","6":"product_cat-deportes_futbol_botas","7":"product_tag-adidas","8":"pa_color-unico","9":"pa_talla-139","10":"thunk-woo-product-list","11":"opn-qv-enable","12":"open-woo-hover-","13":"open-single-product-tab-horizontal","14":"open-shadow-","15":"open-shadow-hover-","17":"first","18":"instock","19":"sale","20":"shipping-taxable","21":"purchasable","22":"product-type-variable"},"jetpack_sharing_enabled":true,"_links":{"self":[{"href":"https:\/\/www.deporteseli.com\/index.php?rest_route=\/wp\/v2\/product\/42033","targetHints":{"allow":["GET"]}}],"collection":[{"href":"https:\/\/www.deporteseli.com\/index.php?rest_route=\/wp\/v2\/product"}],"about":[{"href":"https:\/\/www.deporteseli.com\/index.php?rest_route=\/wp\/v2\/types\/product"}],"wp:featuredmedia":[{"embeddable":true,"href":"https:\/\/www.deporteseli.com\/index.php?rest_route=\/wp\/v2\/media\/55593"}],"wp:attachment":[{"href":"https:\/\/www.deporteseli.com\/index.php?rest_route=%2Fwp%2Fv2%2Fmedia&parent=42033"}],"wp:term":[{"taxonomy":"product_brand","embeddable":true,"href":"https:\/\/www.deporteseli.com\/index.php?rest_route=%2Fwp%2Fv2%2Fproduct_brand&post=42033"},{"taxonomy":"product_cat","embeddable":true,"href":"https:\/\/www.deporteseli.com\/index.php?rest_route=%2Fwp%2Fv2%2Fproduct_cat&post=42033"},{"taxonomy":"product_tag","embeddable":true,"href":"https:\/\/www.deporteseli.com\/index.php?rest_route=%2Fwp%2Fv2%2Fproduct_tag&post=42033"}],"curies":[{"name":"wp","href":"https:\/\/api.w.org\/{rel}","templated":true}]}}