{"id":42013,"date":"2026-01-27T19:31:01","date_gmt":"2026-01-27T19:31:01","guid":{"rendered":"https:\/\/www.deporteseli.com\/?product=camiseta-bullpadel-adula-tl-blanco"},"modified":"2026-01-27T19:31:02","modified_gmt":"2026-01-27T19:31:02","slug":"camiseta-bullpadel-adula-tl-blanco","status":"publish","type":"product","link":"https:\/\/www.deporteseli.com\/?product=camiseta-bullpadel-adula-tl-blanco","title":{"rendered":"CAMISETA BULLPADEL ADULA TL BLANCO"},"content":{"rendered":"<p>DESCRIPCI\u00d3N  La camiseta oficial de Juan Tello, dise\u00f1ada para el Premier P\u00e1del, combina estilo y funcionalidad. Fabricada con un tejido el\u00e1stico de secado r\u00e1pido, esta camiseta de manga corta y cuello a la caja ofrece comodidad y libertad de movimiento durante tus partidos.    Adem\u00e1s presenta los logotipos de los patrocinadores de Juan Tello.  Camiseta oficial de nuestro jugador Juan Tello para el Premier P\u00e1del.      Color: Blanco    Composici\u00f3n: 90% Poli\u00e9ster- 10% Elast\u00e1n. Single jersey.    Tejido t\u00e9cnico: Drynamic                                                                                                                                                                                                                                                                                                                                                                                                                                                                                                                                                                                                                                                                                                                                                                                                                                                                                                                                                                                                                                        <\/p>\n","protected":false},"excerpt":{"rendered":"<p>CAMISETA BULLPADEL ADULA TL BLANCO<\/p>\n","protected":false},"featured_media":55584,"template":"","meta":[],"product_brand":[],"product_cat":[364],"product_tag":[21],"class_list":{"0":"post-42013","1":"product","2":"type-product","3":"status-publish","4":"has-post-thumbnail","6":"product_cat-padel_y_tenis_textil_camisas","7":"product_tag-bull_padel","8":"pa_color-unico","9":"pa_talla-m","10":"thunk-woo-product-list","11":"opn-qv-enable","12":"open-woo-hover-","13":"open-single-product-tab-horizontal","14":"open-shadow-","15":"open-shadow-hover-","17":"first","18":"instock","19":"sale","20":"shipping-taxable","21":"purchasable","22":"product-type-variable"},"jetpack_sharing_enabled":true,"_links":{"self":[{"href":"https:\/\/www.deporteseli.com\/index.php?rest_route=\/wp\/v2\/product\/42013","targetHints":{"allow":["GET"]}}],"collection":[{"href":"https:\/\/www.deporteseli.com\/index.php?rest_route=\/wp\/v2\/product"}],"about":[{"href":"https:\/\/www.deporteseli.com\/index.php?rest_route=\/wp\/v2\/types\/product"}],"wp:featuredmedia":[{"embeddable":true,"href":"https:\/\/www.deporteseli.com\/index.php?rest_route=\/wp\/v2\/media\/55584"}],"wp:attachment":[{"href":"https:\/\/www.deporteseli.com\/index.php?rest_route=%2Fwp%2Fv2%2Fmedia&parent=42013"}],"wp:term":[{"taxonomy":"product_brand","embeddable":true,"href":"https:\/\/www.deporteseli.com\/index.php?rest_route=%2Fwp%2Fv2%2Fproduct_brand&post=42013"},{"taxonomy":"product_cat","embeddable":true,"href":"https:\/\/www.deporteseli.com\/index.php?rest_route=%2Fwp%2Fv2%2Fproduct_cat&post=42013"},{"taxonomy":"product_tag","embeddable":true,"href":"https:\/\/www.deporteseli.com\/index.php?rest_route=%2Fwp%2Fv2%2Fproduct_tag&post=42013"}],"curies":[{"name":"wp","href":"https:\/\/api.w.org\/{rel}","templated":true}]}}