{"id":41988,"date":"2026-01-27T19:30:29","date_gmt":"2026-01-27T19:30:29","guid":{"rendered":"https:\/\/www.deporteseli.com\/?product=botas-joma-aguila-2404"},"modified":"2026-01-27T19:30:37","modified_gmt":"2026-01-27T19:30:37","slug":"botas-joma-aguila-2404","status":"publish","type":"product","link":"https:\/\/www.deporteseli.com\/?product=botas-joma-aguila-2404","title":{"rendered":"BOTAS JOMA AGUILA 2404"},"content":{"rendered":"<p>Domina el terreno con estilo y rendimiento con las Zapatillas Joma Aguila 2404 AGUS2404AG multitaco. En un llamativo color azul realzado por el distintivo logo en blanco, estas zapatillas no solo ofrecen un dise\u00f1o moderno, sino tambi\u00e9n el agarre y la tracci\u00f3n necesarios para destacar en el campo.    Caracter\u00edsticas clave:    Marca: Joma  Modelo: Aguila 2404 AGUS2404AG multitaco  Dise\u00f1o moderno en color azul con el logo en blanco  Construcci\u00f3n duradera para un rendimiento excepcional  Tacos multitaco estrat\u00e9gicamente ubicados para tracci\u00f3n y agarre superiores  Comodidad y soporte para actividades deportivas intensas  Ideal para hombres que buscan estilo y funcionalidad en el campo  Las Joma Aguila 2404 AGUS2404AG ofrecen una combinaci\u00f3n perfecta de estilo y rendimiento. La tonalidad vibrante de azul se complementa con el logo blanco, creando un calzado deportivo que no solo se destaca en el campo, sino que tambi\u00e9n aporta una dosis extra de estilo.     Domina cada juego con las Zapatillas Joma Aguila 2404 AGUS2404AG, una elecci\u00f3n impactante y funcional para hombres apasionados por el deporte!                                                                                                                                                                                                                                                                                                                                                                                                                                                                                                                                                                                                                                                                                                                                                                                                                                                                                                                                                                                                                                        <\/p>\n","protected":false},"excerpt":{"rendered":"<p>BOTAS JOMA AGUILA 2404<\/p>\n","protected":false},"featured_media":55556,"template":"","meta":[],"product_brand":[],"product_cat":[318],"product_tag":[31],"class_list":{"0":"post-41988","1":"product","2":"type-product","3":"status-publish","4":"has-post-thumbnail","6":"product_cat-deportes_futbol_botas","7":"product_tag-joma","8":"pa_color-unico","9":"pa_talla-149","10":"pa_talla-151","11":"pa_talla-153","12":"pa_talla-155","13":"pa_talla-157","14":"pa_talla-159","15":"thunk-woo-product-list","16":"opn-qv-enable","17":"open-woo-hover-","18":"open-single-product-tab-horizontal","19":"open-shadow-","20":"open-shadow-hover-","22":"first","23":"instock","24":"sale","25":"shipping-taxable","26":"purchasable","27":"product-type-variable"},"jetpack_sharing_enabled":true,"_links":{"self":[{"href":"https:\/\/www.deporteseli.com\/index.php?rest_route=\/wp\/v2\/product\/41988","targetHints":{"allow":["GET"]}}],"collection":[{"href":"https:\/\/www.deporteseli.com\/index.php?rest_route=\/wp\/v2\/product"}],"about":[{"href":"https:\/\/www.deporteseli.com\/index.php?rest_route=\/wp\/v2\/types\/product"}],"wp:featuredmedia":[{"embeddable":true,"href":"https:\/\/www.deporteseli.com\/index.php?rest_route=\/wp\/v2\/media\/55556"}],"wp:attachment":[{"href":"https:\/\/www.deporteseli.com\/index.php?rest_route=%2Fwp%2Fv2%2Fmedia&parent=41988"}],"wp:term":[{"taxonomy":"product_brand","embeddable":true,"href":"https:\/\/www.deporteseli.com\/index.php?rest_route=%2Fwp%2Fv2%2Fproduct_brand&post=41988"},{"taxonomy":"product_cat","embeddable":true,"href":"https:\/\/www.deporteseli.com\/index.php?rest_route=%2Fwp%2Fv2%2Fproduct_cat&post=41988"},{"taxonomy":"product_tag","embeddable":true,"href":"https:\/\/www.deporteseli.com\/index.php?rest_route=%2Fwp%2Fv2%2Fproduct_tag&post=41988"}],"curies":[{"name":"wp","href":"https:\/\/api.w.org\/{rel}","templated":true}]}}