{"id":41967,"date":"2026-01-27T19:30:03","date_gmt":"2026-01-27T19:30:03","guid":{"rendered":"https:\/\/www.deporteseli.com\/?product=chancla-adilette-aqua-10"},"modified":"2026-01-27T19:30:05","modified_gmt":"2026-01-27T19:30:05","slug":"chancla-adilette-aqua-10","status":"publish","type":"product","link":"https:\/\/www.deporteseli.com\/?product=chancla-adilette-aqua-10","title":{"rendered":"CHANCLA ADILETTE AQUA"},"content":{"rendered":"<p>LA AUTENTICIDAD DEL ORIGINAL  El dise\u00f1o de esta chancla creada para los m\u00e1s peque\u00f1os refleja el mejor legado de adidas. Presenta una banda de EVA moldeada de una sola pieza y las 3 bandas en la parte superior. Incluye una plantilla suave confeccionada en un material de secado r\u00e1pido que aporta una gran amortiguaci\u00f3n y confort.  Corte cl\u00e1sico  Sin cordones  Banda de EVA moldeada de una sola pieza  Plantilla Cloudfoam suave  Dise\u00f1o ligero  Color del art\u00edculo: Blue Burst \/ Cloud White \/ Blue Burst  N\u00famero de art\u00edculo: ID2621                                                                                                                                                                                                                                                                                                                                                                                                                                                                                                                                                                                                                                                                                                                                                                                                                                                                                                                                                                                                                                        <\/p>\n","protected":false},"excerpt":{"rendered":"<p>CHANCLA ADILETTE AQUA<\/p>\n","protected":false},"featured_media":55526,"template":"","meta":[],"product_brand":[],"product_cat":[314],"product_tag":[18],"class_list":{"0":"post-41967","1":"product","2":"type-product","3":"status-publish","4":"has-post-thumbnail","6":"product_cat-nino_calzado_cholas","7":"product_tag-adidas","8":"pa_color-unico","9":"pa_talla-127","10":"pa_talla-143","11":"thunk-woo-product-list","12":"opn-qv-enable","13":"open-woo-hover-","14":"open-single-product-tab-horizontal","15":"open-shadow-","16":"open-shadow-hover-","18":"first","19":"instock","20":"shipping-taxable","21":"purchasable","22":"product-type-variable"},"jetpack_sharing_enabled":true,"_links":{"self":[{"href":"https:\/\/www.deporteseli.com\/index.php?rest_route=\/wp\/v2\/product\/41967","targetHints":{"allow":["GET"]}}],"collection":[{"href":"https:\/\/www.deporteseli.com\/index.php?rest_route=\/wp\/v2\/product"}],"about":[{"href":"https:\/\/www.deporteseli.com\/index.php?rest_route=\/wp\/v2\/types\/product"}],"wp:featuredmedia":[{"embeddable":true,"href":"https:\/\/www.deporteseli.com\/index.php?rest_route=\/wp\/v2\/media\/55526"}],"wp:attachment":[{"href":"https:\/\/www.deporteseli.com\/index.php?rest_route=%2Fwp%2Fv2%2Fmedia&parent=41967"}],"wp:term":[{"taxonomy":"product_brand","embeddable":true,"href":"https:\/\/www.deporteseli.com\/index.php?rest_route=%2Fwp%2Fv2%2Fproduct_brand&post=41967"},{"taxonomy":"product_cat","embeddable":true,"href":"https:\/\/www.deporteseli.com\/index.php?rest_route=%2Fwp%2Fv2%2Fproduct_cat&post=41967"},{"taxonomy":"product_tag","embeddable":true,"href":"https:\/\/www.deporteseli.com\/index.php?rest_route=%2Fwp%2Fv2%2Fproduct_tag&post=41967"}],"curies":[{"name":"wp","href":"https:\/\/api.w.org\/{rel}","templated":true}]}}