{"id":41826,"date":"2026-01-27T19:26:36","date_gmt":"2026-01-27T19:26:36","guid":{"rendered":"https:\/\/www.deporteseli.com\/?product=calcetines-clasicos-linear-cushioned-3-bandas"},"modified":"2026-04-18T04:18:08","modified_gmt":"2026-04-18T04:18:08","slug":"calcetines-clasicos-linear-cushioned-3-bandas","status":"publish","type":"product","link":"https:\/\/www.deporteseli.com\/?product=calcetines-clasicos-linear-cushioned-3-bandas","title":{"rendered":"CALCETINES CL\u00e1SICOS LINEAR CUSHIONED 3 BANDAS"},"content":{"rendered":"<p>CONFORT Y ESTILO PARA TUS PIES  Estos calcetines adidas presentan un largo cl\u00e1sico de media ca\u00f1a que evita las rozaduras en los tobillos y permite que tus pantorrillas queden libres. Se han confeccionado en una mezcla de algod\u00f3n suave y poli\u00e9ster con paneles acolchados en el tal\u00f3n y la puntera. Est\u00e1n disponibles en packs de tres para tener siempre a mano.    Este producto contiene al menos un 50% de materiales reciclados y renovables.  Largo cl\u00e1sico  71% algod\u00f3n \/ 26% poli\u00e9ster reciclado \/ 2% elast\u00e1n \/ 1% nailon reciclado  Tres pares por paquete  Amortiguaci\u00f3n en la planta, el tal\u00f3n y la puntera  Color del art\u00edculo: White \/ Black  N\u00famero de art\u00edculo: HT3437                                                                                                                                                                                                                                                                                                                                                                                                                                                                                                                                                                                                                                                                                                                                                                                                                                                                                                                                                                                                                                        <\/p>\n","protected":false},"excerpt":{"rendered":"<p>CALCETINES CL\u00e1SICOS LINEAR CUSHIONED 3 BANDAS<\/p>\n","protected":false},"featured_media":55422,"template":"","meta":[],"product_brand":[],"product_cat":[400],"product_tag":[18],"class_list":{"0":"post-41826","1":"product","2":"type-product","3":"status-publish","4":"has-post-thumbnail","6":"product_cat-accesorios_calcetines","7":"product_tag-adidas","8":"pa_color-unico","9":"pa_talla-l","10":"pa_talla-m","11":"pa_talla-s","12":"pa_talla-t-10","13":"pa_talla-xl","14":"thunk-woo-product-list","15":"opn-qv-enable","16":"open-woo-hover-","17":"open-single-product-tab-horizontal","18":"open-shadow-","19":"open-shadow-hover-","21":"first","22":"instock","23":"shipping-taxable","24":"purchasable","25":"product-type-variable"},"jetpack_sharing_enabled":true,"_links":{"self":[{"href":"https:\/\/www.deporteseli.com\/index.php?rest_route=\/wp\/v2\/product\/41826","targetHints":{"allow":["GET"]}}],"collection":[{"href":"https:\/\/www.deporteseli.com\/index.php?rest_route=\/wp\/v2\/product"}],"about":[{"href":"https:\/\/www.deporteseli.com\/index.php?rest_route=\/wp\/v2\/types\/product"}],"wp:featuredmedia":[{"embeddable":true,"href":"https:\/\/www.deporteseli.com\/index.php?rest_route=\/wp\/v2\/media\/55422"}],"wp:attachment":[{"href":"https:\/\/www.deporteseli.com\/index.php?rest_route=%2Fwp%2Fv2%2Fmedia&parent=41826"}],"wp:term":[{"taxonomy":"product_brand","embeddable":true,"href":"https:\/\/www.deporteseli.com\/index.php?rest_route=%2Fwp%2Fv2%2Fproduct_brand&post=41826"},{"taxonomy":"product_cat","embeddable":true,"href":"https:\/\/www.deporteseli.com\/index.php?rest_route=%2Fwp%2Fv2%2Fproduct_cat&post=41826"},{"taxonomy":"product_tag","embeddable":true,"href":"https:\/\/www.deporteseli.com\/index.php?rest_route=%2Fwp%2Fv2%2Fproduct_tag&post=41826"}],"curies":[{"name":"wp","href":"https:\/\/api.w.org\/{rel}","templated":true}]}}