{"id":41790,"date":"2026-01-27T19:25:40","date_gmt":"2026-01-27T19:25:40","guid":{"rendered":"https:\/\/www.deporteseli.com\/?product=zapatilla-advantage-2"},"modified":"2026-01-27T19:25:48","modified_gmt":"2026-01-27T19:25:48","slug":"zapatilla-advantage-2","status":"publish","type":"product","link":"https:\/\/www.deporteseli.com\/?product=zapatilla-advantage-2","title":{"rendered":"ZAPATILLA ADVANTAGE"},"content":{"rendered":"<p>LLENA DE CONFORT TU D\u00cdA A D\u00cdA  A\u00f1ade un toque deportivo a tu look con esta zapatilla adidas. La parte superior de piel sint\u00e9tica suave y resistente te ofrece un ajuste c\u00f3modo. Las 3 bandas perforadas y la suela de goma completan su imagen de inspiraci\u00f3n ten\u00edstica.    La parte superior contiene al menos un 50% de materiales reciclados. Su objetivo es plantear otra soluci\u00f3n m\u00e1s que ayude a eliminar los residuos pl\u00e1sticos.  hormona cl\u00e1sica  Cierre de cordones  Parte superior de piel sint\u00e9tica  Plantilla de EVA  Forro textil  Suela de gomae  La parte superior contiene al menos un 50% de material reciclado  Color del art\u00edculo: Blanco Nube \/ Blanco Nube \/ Plata Met\u00e1lico  N\u00famero de art\u00edculo: IF8550                                                                                                                                                                                                                                                                                                                                                                                                                                                                                                                                                                                                                                                                                                                                                                                                                                                                                                                                                                                                                                        <\/p>\n","protected":false},"excerpt":{"rendered":"<p>ZAPATILLA ADVANTAGE<\/p>\n","protected":false},"featured_media":55397,"template":"","meta":[],"product_brand":[],"product_cat":[287],"product_tag":[18],"class_list":{"0":"post-41790","1":"product","2":"type-product","3":"status-publish","4":"has-post-thumbnail","6":"product_cat-mujer_calzado_casual","7":"product_tag-adidas","8":"pa_color-unico","9":"pa_talla-36-5","10":"pa_talla-37-5","11":"pa_talla-145","12":"pa_talla-38-5","13":"pa_talla-39-5","14":"pa_talla-149","15":"thunk-woo-product-list","16":"opn-qv-enable","17":"open-woo-hover-","18":"open-single-product-tab-horizontal","19":"open-shadow-","20":"open-shadow-hover-","22":"first","23":"instock","24":"sale","25":"shipping-taxable","26":"purchasable","27":"product-type-variable"},"jetpack_sharing_enabled":true,"_links":{"self":[{"href":"https:\/\/www.deporteseli.com\/index.php?rest_route=\/wp\/v2\/product\/41790","targetHints":{"allow":["GET"]}}],"collection":[{"href":"https:\/\/www.deporteseli.com\/index.php?rest_route=\/wp\/v2\/product"}],"about":[{"href":"https:\/\/www.deporteseli.com\/index.php?rest_route=\/wp\/v2\/types\/product"}],"wp:featuredmedia":[{"embeddable":true,"href":"https:\/\/www.deporteseli.com\/index.php?rest_route=\/wp\/v2\/media\/55397"}],"wp:attachment":[{"href":"https:\/\/www.deporteseli.com\/index.php?rest_route=%2Fwp%2Fv2%2Fmedia&parent=41790"}],"wp:term":[{"taxonomy":"product_brand","embeddable":true,"href":"https:\/\/www.deporteseli.com\/index.php?rest_route=%2Fwp%2Fv2%2Fproduct_brand&post=41790"},{"taxonomy":"product_cat","embeddable":true,"href":"https:\/\/www.deporteseli.com\/index.php?rest_route=%2Fwp%2Fv2%2Fproduct_cat&post=41790"},{"taxonomy":"product_tag","embeddable":true,"href":"https:\/\/www.deporteseli.com\/index.php?rest_route=%2Fwp%2Fv2%2Fproduct_tag&post=41790"}],"curies":[{"name":"wp","href":"https:\/\/api.w.org\/{rel}","templated":true}]}}