{"id":41708,"date":"2026-01-27T19:23:47","date_gmt":"2026-01-27T19:23:47","guid":{"rendered":"https:\/\/www.deporteseli.com\/?product=camisa-adidas-graphic"},"modified":"2026-03-14T05:18:11","modified_gmt":"2026-03-14T05:18:11","slug":"camisa-adidas-graphic","status":"publish","type":"product","link":"https:\/\/www.deporteseli.com\/?product=camisa-adidas-graphic","title":{"rendered":"CAMISA ADIDAS GRAPHIC"},"content":{"rendered":"<p>Camiseta adidas Graphic    Muestra con orgullo tu estilo adidas. Esta camiseta informal combina con todo, desde jeans hasta shorts cargo. Confeccionada en suave punto de algod\u00f3n liso, tiene un corte est\u00e1ndar. Las letras en contraste en la parte delantera a\u00f1aden un toque moderno y atemporal.    adidas s&#8217;engage con Better Cotton para mejorar las condiciones mundiales de producci\u00f3n de algod\u00f3n. Esta organizaci\u00f3n pretende que la producci\u00f3n mundial de algod\u00f3n sea mejor para los trabajadores, el medio ambiente y el futuro del sector.    Better Cotton utiliza un m\u00e9todo de trazabilidad denominado  Balance de Masas . Esto significa que el algod\u00f3n Better Cotton no es f\u00edsicamente trazable en los productos de finis. Sin embargo, los productores de Better Cotton se benefician de un volumen de demanda de Better Cotton equivalente al que necesitamos.                                                                                                                                                                                                                                                                                                                                                                                                                                                                                                                                                                                                                                                                                                                                                                                                                                                                                                                                                                                                                                        <\/p>\n","protected":false},"excerpt":{"rendered":"<p>CAMISA ADIDAS GRAPHIC<\/p>\n","protected":false},"featured_media":55326,"template":"","meta":[],"product_brand":[],"product_cat":[245],"product_tag":[18],"class_list":{"0":"post-41708","1":"product","2":"type-product","3":"status-publish","4":"has-post-thumbnail","6":"product_cat-hombre_textil_camisetas","7":"product_tag-adidas","8":"pa_color-unico","9":"pa_talla-l","10":"pa_talla-m","11":"pa_talla-s","12":"pa_talla-xl","13":"thunk-woo-product-list","14":"opn-qv-enable","15":"open-woo-hover-","16":"open-single-product-tab-horizontal","17":"open-shadow-","18":"open-shadow-hover-","20":"first","21":"instock","22":"shipping-taxable","23":"purchasable","24":"product-type-variable"},"jetpack_sharing_enabled":true,"_links":{"self":[{"href":"https:\/\/www.deporteseli.com\/index.php?rest_route=\/wp\/v2\/product\/41708","targetHints":{"allow":["GET"]}}],"collection":[{"href":"https:\/\/www.deporteseli.com\/index.php?rest_route=\/wp\/v2\/product"}],"about":[{"href":"https:\/\/www.deporteseli.com\/index.php?rest_route=\/wp\/v2\/types\/product"}],"wp:featuredmedia":[{"embeddable":true,"href":"https:\/\/www.deporteseli.com\/index.php?rest_route=\/wp\/v2\/media\/55326"}],"wp:attachment":[{"href":"https:\/\/www.deporteseli.com\/index.php?rest_route=%2Fwp%2Fv2%2Fmedia&parent=41708"}],"wp:term":[{"taxonomy":"product_brand","embeddable":true,"href":"https:\/\/www.deporteseli.com\/index.php?rest_route=%2Fwp%2Fv2%2Fproduct_brand&post=41708"},{"taxonomy":"product_cat","embeddable":true,"href":"https:\/\/www.deporteseli.com\/index.php?rest_route=%2Fwp%2Fv2%2Fproduct_cat&post=41708"},{"taxonomy":"product_tag","embeddable":true,"href":"https:\/\/www.deporteseli.com\/index.php?rest_route=%2Fwp%2Fv2%2Fproduct_tag&post=41708"}],"curies":[{"name":"wp","href":"https:\/\/api.w.org\/{rel}","templated":true}]}}