{"id":41670,"date":"2026-01-27T19:22:45","date_gmt":"2026-01-27T19:22:45","guid":{"rendered":"https:\/\/www.deporteseli.com\/?product=wilson-antivibrador"},"modified":"2026-04-21T04:17:33","modified_gmt":"2026-04-21T04:17:33","slug":"wilson-antivibrador","status":"publish","type":"product","link":"https:\/\/www.deporteseli.com\/?product=wilson-antivibrador","title":{"rendered":"WILSON ANTIVIBRADOR"},"content":{"rendered":"<p>Pack de 50 amortiguadores de vibraciones de goma con diferentes dise\u00f1os en torno al tema Roland Garros  Efectivos amortiguadores de vibraci\u00f3n para reducir las vibraciones de las cuerdas al golpear la pelota, Mayor comodidad y mejor sensaci\u00f3n de juego  Pr\u00e1ctico pack de 50 para m\u00e1s diversi\u00f3n en la pista de tenis  Apto como regalo para los aficionados al legendario Grand Slam y los coleccionistas de dise\u00f1os originales  Contenido: 50x Wilson Amortiguador de vibraciones, Roland Garros Dampener                                                                                                                                                                                                                                                                                                                                                                                                                                                                                                                                                                                                                                                                                                                                                                                                                                                                                                                                                                                                                                        <\/p>\n","protected":false},"excerpt":{"rendered":"<p>WILSON ANTIVIBRADOR<\/p>\n","protected":false},"featured_media":55295,"template":"","meta":[],"product_brand":[],"product_cat":[348],"product_tag":[57],"class_list":{"0":"post-41670","1":"product","2":"type-product","3":"status-publish","4":"has-post-thumbnail","6":"product_cat-deportes_tenis","7":"product_tag-wilson","8":"pa_color-unico","9":"pa_talla-unica","10":"thunk-woo-product-list","11":"opn-qv-enable","12":"open-woo-hover-","13":"open-single-product-tab-horizontal","14":"open-shadow-","15":"open-shadow-hover-","17":"first","18":"instock","19":"shipping-taxable","20":"purchasable","21":"product-type-variable"},"jetpack_sharing_enabled":true,"_links":{"self":[{"href":"https:\/\/www.deporteseli.com\/index.php?rest_route=\/wp\/v2\/product\/41670","targetHints":{"allow":["GET"]}}],"collection":[{"href":"https:\/\/www.deporteseli.com\/index.php?rest_route=\/wp\/v2\/product"}],"about":[{"href":"https:\/\/www.deporteseli.com\/index.php?rest_route=\/wp\/v2\/types\/product"}],"wp:featuredmedia":[{"embeddable":true,"href":"https:\/\/www.deporteseli.com\/index.php?rest_route=\/wp\/v2\/media\/55295"}],"wp:attachment":[{"href":"https:\/\/www.deporteseli.com\/index.php?rest_route=%2Fwp%2Fv2%2Fmedia&parent=41670"}],"wp:term":[{"taxonomy":"product_brand","embeddable":true,"href":"https:\/\/www.deporteseli.com\/index.php?rest_route=%2Fwp%2Fv2%2Fproduct_brand&post=41670"},{"taxonomy":"product_cat","embeddable":true,"href":"https:\/\/www.deporteseli.com\/index.php?rest_route=%2Fwp%2Fv2%2Fproduct_cat&post=41670"},{"taxonomy":"product_tag","embeddable":true,"href":"https:\/\/www.deporteseli.com\/index.php?rest_route=%2Fwp%2Fv2%2Fproduct_tag&post=41670"}],"curies":[{"name":"wp","href":"https:\/\/api.w.org\/{rel}","templated":true}]}}