{"id":41569,"date":"2026-01-27T19:20:24","date_gmt":"2026-01-27T19:20:24","guid":{"rendered":"https:\/\/www.deporteseli.com\/?product=camisa-adidas-ic9970"},"modified":"2026-03-07T05:53:04","modified_gmt":"2026-03-07T05:53:04","slug":"camisa-adidas-ic9970","status":"publish","type":"product","link":"https:\/\/www.deporteseli.com\/?product=camisa-adidas-ic9970","title":{"rendered":"CAMISA ADIDAS IC9970"},"content":{"rendered":"<p>Descripci\u00f3n  Camiseta algod\u00f3n ni\u00f1o adidas Essentials Linear Logo  Esta camiseta adidas junior te mantiene c\u00f3modo mientras te diviertes. Con un cuello redondo cl\u00e1sico en suave punto de algod\u00f3n, esta camiseta combina con todo, desde los entrenamientos de shorts hasta tu jeans favorito. Nuestros productos de algod\u00f3n apoyan una cultura algodonera m\u00e1s sostenible.    Corte cl\u00e1sico                                                                                                                                                                                                                                                                                                                                                                                                                                                                                                                                                                                                                                                                                                                                                                                                                                                                                                                                                                                                                                        <\/p>\n","protected":false},"excerpt":{"rendered":"<p>CAMISA ADIDAS IC9970<\/p>\n","protected":false},"featured_media":55227,"template":"","meta":[],"product_brand":[],"product_cat":[296],"product_tag":[18],"class_list":{"0":"post-41569","1":"product","2":"type-product","3":"status-publish","4":"has-post-thumbnail","6":"product_cat-nino_textil_camisetas","7":"product_tag-adidas","8":"pa_color-unico","9":"pa_talla-t-16","10":"pa_talla-t-8","11":"thunk-woo-product-list","12":"opn-qv-enable","13":"open-woo-hover-","14":"open-single-product-tab-horizontal","15":"open-shadow-","16":"open-shadow-hover-","18":"first","19":"instock","20":"shipping-taxable","21":"purchasable","22":"product-type-variable"},"jetpack_sharing_enabled":true,"_links":{"self":[{"href":"https:\/\/www.deporteseli.com\/index.php?rest_route=\/wp\/v2\/product\/41569","targetHints":{"allow":["GET"]}}],"collection":[{"href":"https:\/\/www.deporteseli.com\/index.php?rest_route=\/wp\/v2\/product"}],"about":[{"href":"https:\/\/www.deporteseli.com\/index.php?rest_route=\/wp\/v2\/types\/product"}],"wp:featuredmedia":[{"embeddable":true,"href":"https:\/\/www.deporteseli.com\/index.php?rest_route=\/wp\/v2\/media\/55227"}],"wp:attachment":[{"href":"https:\/\/www.deporteseli.com\/index.php?rest_route=%2Fwp%2Fv2%2Fmedia&parent=41569"}],"wp:term":[{"taxonomy":"product_brand","embeddable":true,"href":"https:\/\/www.deporteseli.com\/index.php?rest_route=%2Fwp%2Fv2%2Fproduct_brand&post=41569"},{"taxonomy":"product_cat","embeddable":true,"href":"https:\/\/www.deporteseli.com\/index.php?rest_route=%2Fwp%2Fv2%2Fproduct_cat&post=41569"},{"taxonomy":"product_tag","embeddable":true,"href":"https:\/\/www.deporteseli.com\/index.php?rest_route=%2Fwp%2Fv2%2Fproduct_tag&post=41569"}],"curies":[{"name":"wp","href":"https:\/\/api.w.org\/{rel}","templated":true}]}}