{"id":41567,"date":"2026-01-27T19:20:21","date_gmt":"2026-01-27T19:20:21","guid":{"rendered":"https:\/\/www.deporteseli.com\/?product=cinta-para-el-pelo-aeroready-tennis"},"modified":"2026-01-27T19:20:23","modified_gmt":"2026-01-27T19:20:23","slug":"cinta-para-el-pelo-aeroready-tennis","status":"publish","type":"product","link":"https:\/\/www.deporteseli.com\/?product=cinta-para-el-pelo-aeroready-tennis","title":{"rendered":"CINTA PARA EL PELO AEROREADY TENNIS"},"content":{"rendered":"<p>JUEGA A FAVOR DE LOS OC\u00c9ANOS  No pierdas la concentraci\u00f3n en la pista. Esta cinta de tenis para el pelo incorpora la tecnolog\u00eda transpirable AEROREADY que mantiene la piel seca para que solo te preocupes de desplegar tus mejores golpes. Se ha confeccionado en un tejido de punto suave que te ofrece una total comodidad.    Se ha fabricado con un hilo que contiene un 50% de Parley Ocean Plastic, un material reciclado a partir de residuos pl\u00e1sticos recogidos en islas, playas y comunidades costeras evitando que contaminen nuestros oc\u00e9anos. Este producto contiene, al menos, un 70% de material reciclado en total.  Talla \u00fanica  Cierre de lazo  Punto doble 100% poli\u00e9ster reciclado  AEROREADY  El hilo contiene un 50% de Parley Ocean Plastic  Este producto contiene, al menos, un 70% de materiales reciclados  Color del art\u00edculo: Black \/ White  N\u00famero de art\u00edculo: IC3563                                                                                                                                                                                                                                                                                                                                                                                                                                                                                                                                                                                                                                                                                                                                                                                                                                                                                                                                                                                                                                        <\/p>\n","protected":false},"excerpt":{"rendered":"<p>CINTA PARA EL PELO AEROREADY TENNIS<\/p>\n","protected":false},"featured_media":55224,"template":"","meta":[],"product_brand":[],"product_cat":[242],"product_tag":[18],"class_list":{"0":"post-41567","1":"product","2":"type-product","3":"status-publish","4":"has-post-thumbnail","6":"product_cat-unisex_accesorios","7":"product_tag-adidas","8":"pa_color-unico","9":"pa_talla-unica","10":"thunk-woo-product-list","11":"opn-qv-enable","12":"open-woo-hover-","13":"open-single-product-tab-horizontal","14":"open-shadow-","15":"open-shadow-hover-","17":"first","18":"instock","19":"shipping-taxable","20":"purchasable","21":"product-type-variable"},"jetpack_sharing_enabled":true,"_links":{"self":[{"href":"https:\/\/www.deporteseli.com\/index.php?rest_route=\/wp\/v2\/product\/41567","targetHints":{"allow":["GET"]}}],"collection":[{"href":"https:\/\/www.deporteseli.com\/index.php?rest_route=\/wp\/v2\/product"}],"about":[{"href":"https:\/\/www.deporteseli.com\/index.php?rest_route=\/wp\/v2\/types\/product"}],"wp:featuredmedia":[{"embeddable":true,"href":"https:\/\/www.deporteseli.com\/index.php?rest_route=\/wp\/v2\/media\/55224"}],"wp:attachment":[{"href":"https:\/\/www.deporteseli.com\/index.php?rest_route=%2Fwp%2Fv2%2Fmedia&parent=41567"}],"wp:term":[{"taxonomy":"product_brand","embeddable":true,"href":"https:\/\/www.deporteseli.com\/index.php?rest_route=%2Fwp%2Fv2%2Fproduct_brand&post=41567"},{"taxonomy":"product_cat","embeddable":true,"href":"https:\/\/www.deporteseli.com\/index.php?rest_route=%2Fwp%2Fv2%2Fproduct_cat&post=41567"},{"taxonomy":"product_tag","embeddable":true,"href":"https:\/\/www.deporteseli.com\/index.php?rest_route=%2Fwp%2Fv2%2Fproduct_tag&post=41567"}],"curies":[{"name":"wp","href":"https:\/\/api.w.org\/{rel}","templated":true}]}}