{"id":41557,"date":"2026-01-27T19:20:07","date_gmt":"2026-01-27T19:20:07","guid":{"rendered":"https:\/\/www.deporteseli.com\/?product=calcetines-cortos-cushioned-4"},"modified":"2026-01-27T19:20:11","modified_gmt":"2026-01-27T19:20:11","slug":"calcetines-cortos-cushioned-4","status":"publish","type":"product","link":"https:\/\/www.deporteseli.com\/?product=calcetines-cortos-cushioned-4","title":{"rendered":"CALCETINES CORTOS CUSHIONED"},"content":{"rendered":"<p>CONFORT Y ESTILO PARA TUS PIES  Estos calcetines tobilleros lucen un logotipo discreto como muestra del legado de adidas. Se han confeccionado en una mezcla de algod\u00f3n y tejido t\u00e9cnico que te ofrece una comodidad total de la ma\u00f1ana a la noche. El refuerzo acolchado en el tal\u00f3n y la puntera aporta sujeci\u00f3n y amortiguaci\u00f3n y las costuras anat\u00f3micas en la puntera ayudan a prevenir rozaduras.    Este producto contiene al menos un 50% de materiales reciclados y renovables.  Largo hasta el tobillo  62% algod\u00f3n \/ 34% poli\u00e9ster reciclado \/ 3% elast\u00e1n \/ 1% nailon reciclado  Tres pares por paquete  Refuerzo en el arco plantar  Amortiguaci\u00f3n en la planta, el tal\u00f3n y la puntera  Costuras anat\u00f3micas en la puntera  Pu\u00f1os de canal\u00e9  Color del art\u00edculo: White \/ Black  N\u00famero de art\u00edculo: HT3441                                                                                                                                                                                                                                                                                                                                                                                                                                                                                                                                                                                                                                                                                                                                                                                                                                                                                                                                                                                                                                        <\/p>\n","protected":false},"excerpt":{"rendered":"<p>CALCETINES CORTOS CUSHIONED<\/p>\n","protected":false},"featured_media":55214,"template":"","meta":[],"product_brand":[],"product_cat":[400],"product_tag":[18],"class_list":{"0":"post-41557","1":"product","2":"type-product","3":"status-publish","4":"has-post-thumbnail","6":"product_cat-accesorios_calcetines","7":"product_tag-adidas","8":"pa_color-unico","9":"pa_talla-l","10":"pa_talla-m","11":"thunk-woo-product-list","12":"opn-qv-enable","13":"open-woo-hover-","14":"open-single-product-tab-horizontal","15":"open-shadow-","16":"open-shadow-hover-","18":"first","19":"instock","20":"shipping-taxable","21":"purchasable","22":"product-type-variable"},"jetpack_sharing_enabled":true,"_links":{"self":[{"href":"https:\/\/www.deporteseli.com\/index.php?rest_route=\/wp\/v2\/product\/41557","targetHints":{"allow":["GET"]}}],"collection":[{"href":"https:\/\/www.deporteseli.com\/index.php?rest_route=\/wp\/v2\/product"}],"about":[{"href":"https:\/\/www.deporteseli.com\/index.php?rest_route=\/wp\/v2\/types\/product"}],"wp:featuredmedia":[{"embeddable":true,"href":"https:\/\/www.deporteseli.com\/index.php?rest_route=\/wp\/v2\/media\/55214"}],"wp:attachment":[{"href":"https:\/\/www.deporteseli.com\/index.php?rest_route=%2Fwp%2Fv2%2Fmedia&parent=41557"}],"wp:term":[{"taxonomy":"product_brand","embeddable":true,"href":"https:\/\/www.deporteseli.com\/index.php?rest_route=%2Fwp%2Fv2%2Fproduct_brand&post=41557"},{"taxonomy":"product_cat","embeddable":true,"href":"https:\/\/www.deporteseli.com\/index.php?rest_route=%2Fwp%2Fv2%2Fproduct_cat&post=41557"},{"taxonomy":"product_tag","embeddable":true,"href":"https:\/\/www.deporteseli.com\/index.php?rest_route=%2Fwp%2Fv2%2Fproduct_tag&post=41557"}],"curies":[{"name":"wp","href":"https:\/\/api.w.org\/{rel}","templated":true}]}}