{"id":41468,"date":"2026-01-27T19:18:01","date_gmt":"2026-01-27T19:18:01","guid":{"rendered":"https:\/\/www.deporteseli.com\/?product=mallas-7-8-running-essentials"},"modified":"2026-03-07T05:52:01","modified_gmt":"2026-03-07T05:52:01","slug":"mallas-7-8-running-essentials","status":"publish","type":"product","link":"https:\/\/www.deporteseli.com\/?product=mallas-7-8-running-essentials","title":{"rendered":"MALLAS 7\/8 RUNNING ESSENTIALS"},"content":{"rendered":"<p>RENDIMIENTO Y SOSTENIBILIDAD  La nueva colecci\u00f3n de running de adidas combina estilo y detalles t\u00e9cnicos para que salgas a correr vi\u00e9ndote bien y sinti\u00e9ndote mejor. Estas prendas han sido dise\u00f1adas para minimizar las distracciones en las carreras m\u00e1s exigentes y concentrarte en lo m\u00e1s importante: divertirte mientras corres.    La equipaci\u00f3n adecuada puede ayudarte a disfrutar a\u00fan m\u00e1s de cada zancada. Estas mallas 7\/8 Running Essentials te sorprender\u00e1n por su dise\u00f1o de gran sujeci\u00f3n y su tejido transpirable AEROREADY que mantiene la piel seca. Su corte ajustado y la cintura con cord\u00f3n evitan que tengas que parar para recoloc\u00e1rtelas. El logotipo reflectante te hace m\u00e1s visible en condiciones de poca luz.    Este producto se ha fabricado con diferentes materiales t\u00e9cnicos y contiene al menos un 70% de material reciclado. Su objetivo es plantear otra soluci\u00f3n m\u00e1s que ayude a acabar con los residuos pl\u00e1sticos.  Corte ajustado  Cintura el\u00e1stica con cord\u00f3n  Interlock 85% poli\u00e9ster reciclado \/ 15% elast\u00e1n  AEROREADY  Bolsillos en el muslo  Suavidad y sujeci\u00f3n  Detalles reflectantes  Color del art\u00edculo: Black  N\u00famero de art\u00edculo: HS5464                                                                                                                                                                                                                                                                                                                                                                                                                                                                                                                                                                                                                                                                                                                                                                                                                                                                                                                                                                                                                                        <\/p>\n","protected":false},"excerpt":{"rendered":"<p>MALLAS 7\/8 RUNNING ESSENTIALS<\/p>\n","protected":false},"featured_media":55164,"template":"","meta":[],"product_brand":[],"product_cat":[281],"product_tag":[18],"class_list":{"0":"post-41468","1":"product","2":"type-product","3":"status-publish","4":"has-post-thumbnail","6":"product_cat-mujer_textil_mallas","7":"product_tag-adidas","8":"pa_color-unico","9":"pa_talla-l","10":"pa_talla-xl","11":"thunk-woo-product-list","12":"opn-qv-enable","13":"open-woo-hover-","14":"open-single-product-tab-horizontal","15":"open-shadow-","16":"open-shadow-hover-","18":"first","19":"instock","20":"shipping-taxable","21":"purchasable","22":"product-type-variable"},"jetpack_sharing_enabled":true,"_links":{"self":[{"href":"https:\/\/www.deporteseli.com\/index.php?rest_route=\/wp\/v2\/product\/41468","targetHints":{"allow":["GET"]}}],"collection":[{"href":"https:\/\/www.deporteseli.com\/index.php?rest_route=\/wp\/v2\/product"}],"about":[{"href":"https:\/\/www.deporteseli.com\/index.php?rest_route=\/wp\/v2\/types\/product"}],"wp:featuredmedia":[{"embeddable":true,"href":"https:\/\/www.deporteseli.com\/index.php?rest_route=\/wp\/v2\/media\/55164"}],"wp:attachment":[{"href":"https:\/\/www.deporteseli.com\/index.php?rest_route=%2Fwp%2Fv2%2Fmedia&parent=41468"}],"wp:term":[{"taxonomy":"product_brand","embeddable":true,"href":"https:\/\/www.deporteseli.com\/index.php?rest_route=%2Fwp%2Fv2%2Fproduct_brand&post=41468"},{"taxonomy":"product_cat","embeddable":true,"href":"https:\/\/www.deporteseli.com\/index.php?rest_route=%2Fwp%2Fv2%2Fproduct_cat&post=41468"},{"taxonomy":"product_tag","embeddable":true,"href":"https:\/\/www.deporteseli.com\/index.php?rest_route=%2Fwp%2Fv2%2Fproduct_tag&post=41468"}],"curies":[{"name":"wp","href":"https:\/\/api.w.org\/{rel}","templated":true}]}}