{"id":41465,"date":"2026-01-27T19:17:57","date_gmt":"2026-01-27T19:17:57","guid":{"rendered":"https:\/\/www.deporteseli.com\/?product=calcetines-tobilleros-cushioned"},"modified":"2026-01-27T19:18:00","modified_gmt":"2026-01-27T19:18:00","slug":"calcetines-tobilleros-cushioned","status":"publish","type":"product","link":"https:\/\/www.deporteseli.com\/?product=calcetines-tobilleros-cushioned","title":{"rendered":"CALCETINES TOBILLEROS CUSHIONED"},"content":{"rendered":"<p>CONFORT Y ESTILO PARA TU D\u00cdA A D\u00cdA  Estos calcetines cortos de adidas se mantienen en su sitio en todo momento, ya sea en una caminata ligera o un entrenamiento intenso. Se han confeccionado en un tejido suave, transpirable y ligeramente el\u00e1stico con una mezcla de algod\u00f3n, poli\u00e9ster y nailon. Los paneles acolchados en el tal\u00f3n y la puntera se combinan con un refuerzo en el arco plantar para ofrecerte una gran comodidad incluso en actividades de alto impacto. El logotipo de adidas y las 3 bandas del mismo tono conservan intacta su esencia deportiva.    Este producto contiene al menos un 70% de materiales reciclados y renovables.  Largo por el tobillo  62% algod\u00f3n \/ 36% poli\u00e9ster reciclado \/ 1% elast\u00e1n \/ 1% nailon reciclado  Tres pares por paquete  Amortiguaci\u00f3n en el tal\u00f3n y la puntera  Refuerzo en el arco plantar  Costuras anat\u00f3micas en la puntera  Color del art\u00edculo: White \/ Black  N\u00famero de art\u00edculo: HT3434                                                                                                                                                                                                                                                                                                                                                                                                                                                                                                                                                                                                                                                                                                                                                                                                                                                                                                                                                                                                                                        <\/p>\n","protected":false},"excerpt":{"rendered":"<p>CALCETINES TOBILLEROS CUSHIONED<\/p>\n","protected":false},"featured_media":55162,"template":"","meta":[],"product_brand":[],"product_cat":[400],"product_tag":[18],"class_list":{"0":"post-41465","1":"product","2":"type-product","3":"status-publish","4":"has-post-thumbnail","6":"product_cat-accesorios_calcetines","7":"product_tag-adidas","8":"pa_color-unico","9":"pa_talla-39-42","10":"pa_talla-43-46","11":"thunk-woo-product-list","12":"opn-qv-enable","13":"open-woo-hover-","14":"open-single-product-tab-horizontal","15":"open-shadow-","16":"open-shadow-hover-","18":"first","19":"instock","20":"shipping-taxable","21":"purchasable","22":"product-type-variable"},"jetpack_sharing_enabled":true,"_links":{"self":[{"href":"https:\/\/www.deporteseli.com\/index.php?rest_route=\/wp\/v2\/product\/41465","targetHints":{"allow":["GET"]}}],"collection":[{"href":"https:\/\/www.deporteseli.com\/index.php?rest_route=\/wp\/v2\/product"}],"about":[{"href":"https:\/\/www.deporteseli.com\/index.php?rest_route=\/wp\/v2\/types\/product"}],"wp:featuredmedia":[{"embeddable":true,"href":"https:\/\/www.deporteseli.com\/index.php?rest_route=\/wp\/v2\/media\/55162"}],"wp:attachment":[{"href":"https:\/\/www.deporteseli.com\/index.php?rest_route=%2Fwp%2Fv2%2Fmedia&parent=41465"}],"wp:term":[{"taxonomy":"product_brand","embeddable":true,"href":"https:\/\/www.deporteseli.com\/index.php?rest_route=%2Fwp%2Fv2%2Fproduct_brand&post=41465"},{"taxonomy":"product_cat","embeddable":true,"href":"https:\/\/www.deporteseli.com\/index.php?rest_route=%2Fwp%2Fv2%2Fproduct_cat&post=41465"},{"taxonomy":"product_tag","embeddable":true,"href":"https:\/\/www.deporteseli.com\/index.php?rest_route=%2Fwp%2Fv2%2Fproduct_tag&post=41465"}],"curies":[{"name":"wp","href":"https:\/\/api.w.org\/{rel}","templated":true}]}}